Last updated on 2023-10-02 05:06:51 CEST.
Flavor | Version | Tinstall | Tcheck | Ttotal | Status | Flags |
---|---|---|---|---|---|---|
r-devel-linux-x86_64-debian-clang | 3.2-3 | 58.85 | 465.57 | 524.42 | OK | |
r-devel-linux-x86_64-debian-gcc | 3.2-3 | 51.20 | 332.91 | 384.11 | OK | |
r-devel-linux-x86_64-fedora-clang | 3.2-3 | 644.34 | OK | |||
r-devel-linux-x86_64-fedora-gcc | 3.2-3 | 647.82 | OK | |||
r-devel-windows-x86_64 | 3.2-3 | 58.00 | 426.00 | 484.00 | OK | |
r-patched-linux-x86_64 | 3.2-3 | 90.46 | 432.73 | 523.19 | OK | |
r-release-linux-x86_64 | 3.2-3 | 60.19 | 449.88 | 510.07 | OK | |
r-release-macos-arm64 | 3.2-3 | 188.00 | OK | |||
r-release-macos-x86_64 | 3.2-3 | 339.00 | NOTE | |||
r-release-windows-x86_64 | 3.2-3 | 75.00 | 534.00 | 609.00 | OK | |
r-oldrel-macos-arm64 | 3.2-3 | 158.00 | OK | |||
r-oldrel-macos-x86_64 | 3.2-3 | 208.00 | OK | |||
r-oldrel-windows-x86_64 | 3.2-3 | 78.00 | 495.00 | 573.00 | OK |
Version: 3.2-3
Check: installed package size
Result: NOTE
installed size is 5.0Mb
sub-directories of 1Mb or more:
R 2.2Mb
help 2.0Mb
Flavor: r-release-macos-x86_64