CRAN Package Check Results for Package spatstat.model

Last updated on 2024-06-21 04:56:55 CEST.

Flavor Version Tinstall Tcheck Ttotal Status Flags
r-devel-linux-x86_64-debian-clang 3.2-11 46.36 537.59 583.95 NOTE
r-devel-linux-x86_64-debian-gcc 3.2-11 38.55 393.56 432.11 NOTE
r-devel-linux-x86_64-fedora-clang 3.2-11 655.28 NOTE
r-devel-linux-x86_64-fedora-gcc 3.2-11 692.13 NOTE
r-devel-windows-x86_64 3.2-11 45.00 480.00 525.00 NOTE
r-patched-linux-x86_64 3.2-11 63.93 527.00 590.93 NOTE
r-release-linux-x86_64 3.2-11 43.97 530.63 574.60 NOTE
r-release-macos-arm64 3.2-11 181.00 NOTE
r-release-macos-x86_64 3.2-11 322.00 NOTE
r-release-windows-x86_64 3.2-11 47.00 485.00 532.00 NOTE
r-oldrel-macos-arm64 3.2-11 181.00 NOTE
r-oldrel-macos-x86_64 3.2-11 470.00 NOTE
r-oldrel-windows-x86_64 3.2-11 60.00 618.00 678.00 NOTE

Check Details

Version: 3.2-11
Check: package dependencies
Result: NOTE Depends: includes the non-default packages: 'spatstat.data', 'spatstat.geom', 'spatstat.random', 'spatstat.explore', 'nlme', 'rpart' Adding so many packages to the search path is excessive and importing selectively is preferable. Flavors: r-devel-linux-x86_64-debian-clang, r-devel-linux-x86_64-debian-gcc, r-devel-linux-x86_64-fedora-clang, r-devel-linux-x86_64-fedora-gcc, r-devel-windows-x86_64, r-patched-linux-x86_64, r-release-linux-x86_64, r-release-macos-arm64, r-release-macos-x86_64, r-release-windows-x86_64, r-oldrel-macos-arm64, r-oldrel-macos-x86_64, r-oldrel-windows-x86_64