CRAN Package Check Results for Package spectrino

Last updated on 2022-11-30 03:58:36 CET.

Flavor Version Tinstall Tcheck Ttotal Status Flags
r-devel-windows-x86_64 2.0.0 27.00 75.00 102.00 NOTE
r-release-windows-x86_64 2.0.0 30.00 78.00 108.00 NOTE
r-oldrel-macos-arm64 2.0.0 54.00 NOTE
r-oldrel-windows-ix86+x86_64 2.0.0 11.00 64.00 75.00 NOTE

Check Details

Version: 2.0.0
Check: LazyData
Result: NOTE
     'LazyData' is specified without a 'data' directory
Flavors: r-devel-windows-x86_64, r-release-windows-x86_64, r-oldrel-macos-arm64, r-oldrel-windows-ix86+x86_64