CRAN Package Check Results for Package spm

Last updated on 2023-12-09 04:02:09 CET.

Flavor Version Tinstall Tcheck Ttotal Status Flags
r-devel-linux-x86_64-debian-clang 1.2.2 7.47 45.96 53.43 NOTE
r-devel-linux-x86_64-debian-gcc 1.2.2 5.69 35.06 40.75 NOTE
r-devel-linux-x86_64-fedora-clang 1.2.2 65.77 NOTE
r-devel-linux-x86_64-fedora-gcc 1.2.2 79.60 NOTE
r-devel-windows-x86_64 1.2.2 9.00 65.00 74.00 OK
r-patched-linux-x86_64 1.2.2 8.41 45.40 53.81 OK
r-release-linux-x86_64 1.2.2 6.09 44.26 50.35 OK
r-release-macos-arm64 1.2.2 32.00 OK
r-release-macos-x86_64 1.2.2 48.00 OK
r-release-windows-x86_64 1.2.2 11.00 70.00 81.00 OK
r-oldrel-macos-arm64 1.2.2 23.00 NOTE
r-oldrel-macos-x86_64 1.2.2 38.00 NOTE
r-oldrel-windows-x86_64 1.2.2 11.00 53.00 64.00 OK

Check Details

Version: 1.2.2
Check: Rd files
Result: NOTE checkRd: (-1) gbmidwcv.Rd:118: Lost braces 118 | rfcv{randomForest} and gbm | ^ checkRd: (-1) gbmokgbmidwcv.Rd:108: Lost braces 108 | variable and anisotropy parameters. see notes vgm{gstat} for details. | ^ Flavors: r-devel-linux-x86_64-debian-clang, r-devel-linux-x86_64-debian-gcc

Version: 1.2.2
Check: dependencies in R code
Result: NOTE Namespace in Imports field not imported from: ‘biomod2’ All declared Imports should be used. Flavors: r-devel-linux-x86_64-fedora-clang, r-devel-linux-x86_64-fedora-gcc, r-oldrel-macos-arm64, r-oldrel-macos-x86_64