CRAN Package Check Results for Package spocc

Last updated on 2022-11-29 03:56:23 CET.

Flavor Version Tinstall Tcheck Ttotal Status Flags
r-devel-linux-x86_64-debian-clang 1.2.0 14.69 97.96 112.65 NOTE
r-devel-linux-x86_64-debian-gcc 1.2.0 11.48 72.07 83.55 NOTE
r-devel-linux-x86_64-fedora-clang 1.2.0 148.17 NOTE
r-devel-linux-x86_64-fedora-gcc 1.2.0 138.41 NOTE
r-devel-windows-x86_64 1.2.0 33.00 124.00 157.00 NOTE
r-patched-linux-x86_64 1.2.0 19.26 91.37 110.63 NOTE
r-release-linux-x86_64 1.2.0 16.46 90.90 107.36 NOTE
r-release-macos-arm64 1.2.0 36.00 NOTE
r-release-macos-x86_64 1.2.0 75.00 NOTE
r-release-windows-x86_64 1.2.0 52.00 120.00 172.00 NOTE
r-oldrel-macos-arm64 1.2.0 45.00 NOTE
r-oldrel-macos-x86_64 1.2.0 79.00 NOTE
r-oldrel-windows-ix86+x86_64 1.2.0 26.00 113.00 139.00 NOTE

Check Details

Version: 1.2.0
Check: LazyData
Result: NOTE
     'LazyData' is specified without a 'data' directory
Flavors: r-devel-linux-x86_64-debian-clang, r-devel-linux-x86_64-debian-gcc, r-devel-linux-x86_64-fedora-clang, r-devel-linux-x86_64-fedora-gcc, r-devel-windows-x86_64, r-patched-linux-x86_64, r-release-linux-x86_64, r-release-macos-arm64, r-release-macos-x86_64, r-release-windows-x86_64, r-oldrel-macos-arm64, r-oldrel-macos-x86_64, r-oldrel-windows-ix86+x86_64