CRAN Package Check Results for Package spotGUI

Last updated on 2022-11-26 03:58:20 CET.

Flavor Version Tinstall Tcheck Ttotal Status Flags
r-devel-linux-x86_64-debian-clang 0.2.3 20.09 150.78 170.87 OK
r-devel-linux-x86_64-debian-gcc 0.2.3 14.31 112.01 126.32 OK
r-devel-linux-x86_64-fedora-clang 0.2.3 221.79 NOTE
r-devel-linux-x86_64-fedora-gcc 0.2.3 221.37 NOTE
r-devel-windows-x86_64 0.2.3 49.00 194.00 243.00 OK
r-patched-linux-x86_64 0.2.3 OK
r-release-linux-x86_64 0.2.3 19.00 151.85 170.85 OK
r-release-macos-arm64 0.2.3 68.00 NOTE
r-release-macos-x86_64 0.2.3 112.00 NOTE
r-release-windows-x86_64 0.2.3 89.00 192.00 281.00 OK
r-oldrel-macos-arm64 0.2.3 94.00 NOTE
r-oldrel-macos-x86_64 0.2.3 126.00 NOTE
r-oldrel-windows-ix86+x86_64 0.2.3 43.00 161.00 204.00 OK

Check Details

Version: 0.2.3
Check: dependencies in R code
Result: NOTE
    Namespace in Imports field not imported from: ‘batchtools’
     All declared Imports should be used.
Flavors: r-devel-linux-x86_64-fedora-clang, r-devel-linux-x86_64-fedora-gcc, r-release-macos-arm64, r-release-macos-x86_64, r-oldrel-macos-arm64, r-oldrel-macos-x86_64