Last updated on 2023-12-10 04:00:12 CET.
Flavor | Version | Tinstall | Tcheck | Ttotal | Status | Flags |
---|---|---|---|---|---|---|
r-devel-linux-x86_64-debian-clang | 23.9.1 | 9.21 | 104.82 | 114.03 | OK | |
r-devel-linux-x86_64-debian-gcc | 23.9.1 | 6.84 | 77.69 | 84.53 | OK | |
r-devel-linux-x86_64-fedora-clang | 23.9.1 | 140.60 | NOTE | |||
r-devel-linux-x86_64-fedora-gcc | 23.9.1 | 142.67 | NOTE | |||
r-devel-windows-x86_64 | 23.9.1 | 10.00 | 97.00 | 107.00 | OK | |
r-patched-linux-x86_64 | 23.9.1 | 7.89 | 97.92 | 105.81 | OK | |
r-release-linux-x86_64 | 23.9.1 | 7.79 | 96.74 | 104.53 | OK | |
r-release-macos-arm64 | 23.9.1 | 63.00 | OK | |||
r-release-macos-x86_64 | 23.9.1 | 95.00 | OK | |||
r-release-windows-x86_64 | 23.9.1 | 11.00 | 114.00 | 125.00 | OK | |
r-oldrel-macos-arm64 | 23.9.1 | 53.00 | OK | |||
r-oldrel-macos-x86_64 | 23.9.1 | 68.00 | OK | |||
r-oldrel-windows-x86_64 | 23.9.1 | 13.00 | 120.00 | 133.00 | OK |
Version: 23.9.1
Check: data for non-ASCII characters
Result: NOTE
Note: found 705 marked UTF-8 strings
Flavors: r-devel-linux-x86_64-fedora-clang, r-devel-linux-x86_64-fedora-gcc