CRAN Package Check Results for Package statnet.common

Last updated on 2022-10-07 04:56:06 CEST.

Flavor Version Tinstall Tcheck Ttotal Status Flags
r-devel-linux-x86_64-debian-clang 4.7.0 4.28 42.85 47.13 NOTE
r-devel-linux-x86_64-debian-gcc 4.7.0 3.48 32.88 36.36 NOTE
r-devel-linux-x86_64-fedora-clang 4.7.0 72.56 NOTE
r-devel-linux-x86_64-fedora-gcc 4.7.0 67.91 NOTE
r-devel-windows-x86_64 4.7.0 123.00 81.00 204.00 NOTE
r-patched-linux-x86_64 4.7.0 5.81 39.39 45.20 NOTE
r-release-linux-x86_64 4.7.0 4.51 39.37 43.88 NOTE
r-release-macos-arm64 4.7.0 25.00 NOTE
r-release-macos-x86_64 4.7.0 35.00 NOTE
r-release-windows-x86_64 4.7.0 135.00 73.00 208.00 NOTE
r-oldrel-macos-arm64 4.7.0 28.00 NOTE
r-oldrel-macos-x86_64 4.7.0 37.00 NOTE
r-oldrel-windows-ix86+x86_64 4.7.0 12.00 86.00 98.00 NOTE

Check Details

Version: 4.7.0
Check: R code for possible problems
Result: NOTE
    Found the following possibly unsafe calls:
    File 'statnet.common/R/control.utilities.R':
     unlockBinding("snctrl", environment(snctrl))
     unlockBinding("snctrl", environment(update_my_snctrl))
Flavors: r-devel-linux-x86_64-debian-clang, r-devel-linux-x86_64-debian-gcc, r-devel-linux-x86_64-fedora-clang, r-devel-linux-x86_64-fedora-gcc, r-devel-windows-x86_64, r-patched-linux-x86_64, r-release-linux-x86_64, r-release-macos-arm64, r-release-macos-x86_64, r-release-windows-x86_64, r-oldrel-macos-arm64, r-oldrel-macos-x86_64, r-oldrel-windows-ix86+x86_64

Version: 4.7.0
Check: compilation flags used
Result: NOTE
    Compilation used the following non-portable flag(s):
     ‘-Wstrict-prototypes’
Flavor: r-devel-linux-x86_64-debian-gcc