CRAN Package Check Results for Package statnipokladna

Last updated on 2022-08-16 04:53:51 CEST.

Flavor Version Tinstall Tcheck Ttotal Status Flags
r-devel-linux-x86_64-debian-clang 0.7.0 5.21 56.60 61.81 OK
r-devel-linux-x86_64-debian-gcc 0.7.0 4.87 42.84 47.71 OK
r-devel-linux-x86_64-fedora-clang 0.7.0 86.23 NOTE
r-devel-linux-x86_64-fedora-gcc 0.7.0 81.31 NOTE
r-devel-windows-x86_64 0.7.0 37.00 100.00 137.00 OK
r-patched-linux-x86_64 0.7.0 5.83 53.45 59.28 OK
r-release-linux-x86_64 0.7.0 3.87 53.30 57.17 OK
r-release-macos-arm64 0.7.0 27.00 NOTE
r-release-macos-x86_64 0.7.0 51.00 NOTE
r-release-windows-x86_64 0.7.0 48.00 119.00 167.00 OK
r-oldrel-macos-arm64 0.7.0 34.00 NOTE
r-oldrel-macos-x86_64 0.7.0 45.00 NOTE
r-oldrel-windows-ix86+x86_64 0.7.0 14.00 88.00 102.00 OK

Check Details

Version: 0.7.0
Check: dependencies in R code
Result: NOTE
    Namespace in Imports field not imported from: ‘tidyselect’
     All declared Imports should be used.
Flavors: r-devel-linux-x86_64-fedora-clang, r-devel-linux-x86_64-fedora-gcc, r-release-macos-arm64, r-release-macos-x86_64, r-oldrel-macos-arm64, r-oldrel-macos-x86_64

Version: 0.7.0
Check: data for non-ASCII characters
Result: NOTE
     Note: found 52 marked UTF-8 strings
Flavors: r-devel-linux-x86_64-fedora-clang, r-devel-linux-x86_64-fedora-gcc, r-release-macos-arm64, r-release-macos-x86_64, r-oldrel-macos-arm64, r-oldrel-macos-x86_64