CRAN Package Check Results for Package statpsych

Last updated on 2022-12-01 04:00:45 CET.

Flavor Version Tinstall Tcheck Ttotal Status Flags
r-devel-linux-x86_64-debian-clang 1.2.0 10.22 142.37 152.59 OK
r-devel-linux-x86_64-debian-gcc 1.2.0 8.59 100.04 108.63 OK
r-devel-linux-x86_64-fedora-clang 1.2.0 193.24 NOTE
r-devel-linux-x86_64-fedora-gcc 1.2.0 188.25 NOTE
r-devel-windows-x86_64 1.2.0 69.00 197.00 266.00 OK
r-patched-linux-x86_64 1.2.0 14.61 130.60 145.21 OK
r-release-linux-x86_64 1.2.0 11.45 130.13 141.58 OK
r-release-macos-arm64 1.2.0 43.00 NOTE
r-release-macos-x86_64 1.2.0 60.00 NOTE
r-release-windows-x86_64 1.2.0 113.00 166.00 279.00 OK
r-oldrel-macos-arm64 1.2.0 45.00 NOTE
r-oldrel-macos-x86_64 1.2.0 61.00 NOTE
r-oldrel-windows-ix86+x86_64 1.2.0 19.00 166.00 185.00 OK

Check Details

Version: 1.2.0
Check: dependencies in R code
Result: NOTE
    Namespaces in Imports field not imported from:
     ‘Rdpack’ ‘mathjaxr’
     All declared Imports should be used.
Flavors: r-devel-linux-x86_64-fedora-clang, r-devel-linux-x86_64-fedora-gcc, r-release-macos-arm64, r-release-macos-x86_64, r-oldrel-macos-arm64, r-oldrel-macos-x86_64