CRAN Package Check Results for Package stm

Last updated on 2022-06-30 04:50:15 CEST.

Flavor Version Tinstall Tcheck Ttotal Status Flags
r-devel-linux-x86_64-debian-clang 1.3.6 52.36 305.81 358.17 OK
r-devel-linux-x86_64-debian-gcc 1.3.6 43.06 218.41 261.47 OK
r-devel-linux-x86_64-fedora-clang 1.3.6 430.88 OK
r-devel-linux-x86_64-fedora-gcc 1.3.6 426.49 OK
r-devel-windows-x86_64 1.3.6 72.00 379.00 451.00 OK
r-patched-linux-x86_64 1.3.6 54.94 286.94 341.88 OK
r-release-linux-x86_64 1.3.6 44.05 286.61 330.66 OK
r-release-macos-arm64 1.3.6 133.00 NOTE
r-release-macos-x86_64 1.3.6 185.00 NOTE
r-release-windows-x86_64 1.3.6 69.00 367.00 436.00 OK
r-oldrel-macos-arm64 1.3.6 148.00 NOTE
r-oldrel-macos-x86_64 1.3.6 233.00 NOTE
r-oldrel-windows-ix86+x86_64 1.3.6 112.00 549.00 661.00 OK

Check Details

Version: 1.3.6
Check: installed package size
Result: NOTE
     installed size is 5.3Mb
     sub-directories of 1Mb or more:
     data 1.7Mb
     libs 2.4Mb
Flavors: r-release-macos-arm64, r-release-macos-x86_64, r-oldrel-macos-arm64, r-oldrel-macos-x86_64