CRAN Package Check Results for Package strand

Last updated on 2022-11-29 03:56:24 CET.

Flavor Version Tinstall Tcheck Ttotal Status Flags
r-devel-linux-x86_64-debian-clang 0.2.0 25.49 326.23 351.72 OK
r-devel-linux-x86_64-debian-gcc 0.2.0 17.95 243.91 261.86 OK
r-devel-linux-x86_64-fedora-clang 0.2.0 426.68 NOTE
r-devel-linux-x86_64-fedora-gcc 0.2.0 422.61 NOTE
r-devel-windows-x86_64 0.2.0 53.00 355.00 408.00 OK
r-patched-linux-x86_64 0.2.0 19.88 293.31 313.19 OK
r-release-linux-x86_64 0.2.0 15.30 298.01 313.31 OK
r-release-macos-arm64 0.2.0 85.00 NOTE
r-release-macos-x86_64 0.2.0 167.00 NOTE
r-release-windows-x86_64 0.2.0 28.00 345.00 373.00 OK
r-oldrel-macos-arm64 0.2.0 132.00 NOTE
r-oldrel-macos-x86_64 0.2.0 170.00 NOTE
r-oldrel-windows-ix86+x86_64 0.2.0 43.00 346.00 389.00 OK

Check Details

Version: 0.2.0
Check: data for non-ASCII characters
Result: NOTE
     Note: found 1 marked UTF-8 string
Flavors: r-devel-linux-x86_64-fedora-clang, r-devel-linux-x86_64-fedora-gcc, r-release-macos-arm64, r-release-macos-x86_64, r-oldrel-macos-arm64, r-oldrel-macos-x86_64

Version: 0.2.0
Check: package dependencies
Result: NOTE
    Package suggested but not available for checking: ‘Rsymphony’
Flavor: r-oldrel-macos-arm64