CRAN Package Check Results for Package strip

Last updated on 2022-12-02 04:00:24 CET.

Flavor Version Tinstall Tcheck Ttotal Status Flags
r-devel-linux-x86_64-debian-clang 1.0.0 2.51 43.50 46.01 NOTE
r-devel-linux-x86_64-debian-gcc 1.0.0 2.03 33.44 35.47 NOTE
r-devel-linux-x86_64-fedora-clang 1.0.0 67.58 NOTE
r-devel-linux-x86_64-fedora-gcc 1.0.0 65.19 NOTE
r-devel-windows-x86_64 1.0.0 13.00 74.00 87.00 NOTE
r-patched-linux-x86_64 1.0.0 2.20 40.81 43.01 NOTE
r-release-linux-x86_64 1.0.0 2.51 43.32 45.83 NOTE
r-release-macos-arm64 1.0.0 22.00 NOTE
r-release-macos-x86_64 1.0.0 30.00 NOTE
r-release-windows-x86_64 1.0.0 6.00 75.00 81.00 NOTE
r-oldrel-macos-arm64 1.0.0 29.00 NOTE
r-oldrel-macos-x86_64 1.0.0 33.00 NOTE
r-oldrel-windows-ix86+x86_64 1.0.0 7.00 69.00 76.00 NOTE

Check Details

Version: 1.0.0
Check: LazyData
Result: NOTE
     'LazyData' is specified without a 'data' directory
Flavors: r-devel-linux-x86_64-debian-clang, r-devel-linux-x86_64-debian-gcc, r-devel-linux-x86_64-fedora-clang, r-devel-linux-x86_64-fedora-gcc, r-devel-windows-x86_64, r-patched-linux-x86_64, r-release-linux-x86_64, r-release-macos-arm64, r-release-macos-x86_64, r-release-windows-x86_64, r-oldrel-macos-arm64, r-oldrel-macos-x86_64, r-oldrel-windows-ix86+x86_64