CRAN Package Check Results for Package superheat

Last updated on 2023-12-02 03:57:57 CET.

Flavor Version Tinstall Tcheck Ttotal Status Flags
r-devel-linux-x86_64-debian-clang 0.1.0 4.29 164.76 169.05 NOTE
r-devel-linux-x86_64-debian-gcc 0.1.0 3.93 119.82 123.75 NOTE
r-devel-linux-x86_64-fedora-clang 0.1.0 200.28 NOTE
r-devel-linux-x86_64-fedora-gcc 0.1.0 197.49 NOTE
r-devel-windows-x86_64 0.1.0 4.00 117.00 121.00 NOTE
r-patched-linux-x86_64 0.1.0 4.50 157.90 162.40 NOTE
r-release-linux-x86_64 0.1.0 3.35 153.21 156.56 NOTE
r-release-macos-arm64 0.1.0 63.00 NOTE
r-release-macos-x86_64 0.1.0 103.00 NOTE
r-release-windows-x86_64 0.1.0 7.00 159.00 166.00 NOTE
r-oldrel-macos-arm64 0.1.0 46.00 NOTE
r-oldrel-macos-x86_64 0.1.0 73.00 NOTE
r-oldrel-windows-x86_64 0.1.0 6.00 157.00 163.00 NOTE

Check Details

Version: 0.1.0
Check: LazyData
Result: NOTE 'LazyData' is specified without a 'data' directory Flavors: r-devel-linux-x86_64-debian-clang, r-devel-linux-x86_64-debian-gcc, r-devel-linux-x86_64-fedora-clang, r-devel-linux-x86_64-fedora-gcc, r-devel-windows-x86_64, r-patched-linux-x86_64, r-release-linux-x86_64, r-release-macos-arm64, r-release-macos-x86_64, r-release-windows-x86_64, r-oldrel-macos-arm64, r-oldrel-macos-x86_64, r-oldrel-windows-x86_64