Last updated on 2023-01-29 03:55:28 CET.
Flavor | Version | Tinstall | Tcheck | Ttotal | Status | Flags |
---|---|---|---|---|---|---|
r-devel-linux-x86_64-debian-clang | 0.1.0 | 4.07 | 175.31 | 179.38 | NOTE | |
r-devel-linux-x86_64-debian-gcc | 0.1.0 | 3.93 | 121.56 | 125.49 | NOTE | |
r-devel-linux-x86_64-fedora-clang | 0.1.0 | 204.53 | NOTE | |||
r-devel-linux-x86_64-fedora-gcc | 0.1.0 | 208.85 | NOTE | |||
r-patched-linux-x86_64 | 0.1.0 | 4.72 | 161.16 | 165.88 | NOTE | |
r-release-linux-x86_64 | 0.1.0 | 4.73 | 164.84 | 169.57 | NOTE | |
r-release-macos-arm64 | 0.1.0 | 46.00 | NOTE | |||
r-release-macos-x86_64 | 0.1.0 | 73.00 | NOTE | |||
r-release-windows-x86_64 | 0.1.0 | 15.00 | 198.00 | 213.00 | NOTE | |
r-oldrel-macos-arm64 | 0.1.0 | 56.00 | NOTE | |||
r-oldrel-macos-x86_64 | 0.1.0 | 83.00 | NOTE | |||
r-oldrel-windows-ix86+x86_64 | 0.1.0 | 9.00 | 195.00 | 204.00 | NOTE |
Version: 0.1.0
Check: LazyData
Result: NOTE
'LazyData' is specified without a 'data' directory
Flavors: r-devel-linux-x86_64-debian-clang, r-devel-linux-x86_64-debian-gcc, r-devel-linux-x86_64-fedora-clang, r-devel-linux-x86_64-fedora-gcc, r-patched-linux-x86_64, r-release-linux-x86_64, r-release-macos-arm64, r-release-macos-x86_64, r-release-windows-x86_64, r-oldrel-macos-arm64, r-oldrel-macos-x86_64, r-oldrel-windows-ix86+x86_64