Last updated on 2022-08-07 04:53:50 CEST.
Flavor | Version | Tinstall | Tcheck | Ttotal | Status | Flags |
---|---|---|---|---|---|---|
r-devel-linux-x86_64-debian-clang | 0.5-0 | 4.74 | 46.50 | 51.24 | OK | |
r-devel-linux-x86_64-debian-gcc | 0.5-0 | 2.71 | 36.04 | 38.75 | OK | |
r-devel-linux-x86_64-fedora-clang | 0.5-0 | 71.43 | NOTE | |||
r-devel-linux-x86_64-fedora-gcc | 0.5-0 | 70.69 | OK | |||
r-devel-windows-x86_64 | 0.5-0 | 17.00 | 73.00 | 90.00 | OK | |
r-patched-linux-x86_64 | 0.5-0 | 5.22 | 44.06 | 49.28 | OK | |
r-release-linux-x86_64 | 0.5-0 | 4.46 | 47.61 | 52.07 | OK | |
r-release-windows-x86_64 | 0.5-0 | 18.00 | 74.00 | 92.00 | OK | |
r-oldrel-windows-ix86+x86_64 | 0.5-0 | 10.00 | 68.00 | 78.00 | OK |
Version: 0.5-0
Check: Rd cross-references
Result: NOTE
Undeclared package ‘mded’ in Rd xrefs
Flavor: r-devel-linux-x86_64-fedora-clang