CRAN Package Check Results for Package sure

Last updated on 2023-09-25 05:01:38 CEST.

Flavor Version Tinstall Tcheck Ttotal Status Flags
r-devel-linux-x86_64-debian-clang 0.2.0 6.39 53.95 60.34 OK
r-devel-linux-x86_64-debian-gcc 0.2.0 4.39 40.37 44.76 OK
r-devel-linux-x86_64-fedora-clang 0.2.0 72.76 NOTE
r-devel-linux-x86_64-fedora-gcc 0.2.0 78.99 OK
r-devel-windows-x86_64 0.2.0 8.00 62.00 70.00 OK
r-patched-linux-x86_64 0.2.0 7.12 51.43 58.55 OK
r-release-linux-x86_64 0.2.0 6.10 50.83 56.93 OK
r-release-macos-arm64 0.2.0 25.00 OK
r-release-macos-x86_64 0.2.0 38.00 OK
r-release-windows-x86_64 0.2.0 9.00 70.00 79.00 OK
r-oldrel-macos-arm64 0.2.0 26.00 OK
r-oldrel-macos-x86_64 0.2.0 48.00 OK
r-oldrel-windows-x86_64 0.2.0 10.00 71.00 81.00 OK

Check Details

Version: 0.2.0
Check: Rd cross-references
Result: NOTE
    Undeclared package ‘truncdist’ in Rd xrefs
Flavor: r-devel-linux-x86_64-fedora-clang