Last updated on 2023-12-10 04:00:12 CET.
Flavor | Version | Tinstall | Tcheck | Ttotal | Status | Flags |
---|---|---|---|---|---|---|
r-devel-linux-x86_64-debian-clang | 1.0.0 | 2.86 | 31.75 | 34.61 | NOTE | |
r-devel-linux-x86_64-debian-gcc | 1.0.0 | 2.03 | 24.89 | 26.92 | NOTE | |
r-devel-linux-x86_64-fedora-clang | 1.0.0 | 44.91 | OK | |||
r-devel-linux-x86_64-fedora-gcc | 1.0.0 | 53.27 | OK | |||
r-devel-windows-x86_64 | 1.0.0 | 3.00 | 50.00 | 53.00 | OK | |
r-patched-linux-x86_64 | 1.0.0 | 5.74 | 30.97 | 36.71 | OK | |
r-release-linux-x86_64 | 1.0.0 | 2.74 | 30.60 | 33.34 | OK | |
r-release-macos-arm64 | 1.0.0 | 27.00 | OK | |||
r-release-macos-x86_64 | 1.0.0 | 46.00 | OK | |||
r-release-windows-x86_64 | 1.0.0 | 4.00 | 49.00 | 53.00 | OK | |
r-oldrel-macos-arm64 | 1.0.0 | 22.00 | OK | |||
r-oldrel-macos-x86_64 | 1.0.0 | 32.00 | OK | |||
r-oldrel-windows-x86_64 | 1.0.0 | 4.00 | 53.00 | 57.00 | OK |
Version: 1.0.0
Check: Rd files
Result: NOTE
checkRd: (-1) dlg_dir.Rd:5: Lost braces; missing escapes or markup?
5 | \title{A Tcl/Tk version of the {svDialogs} directory selection dialog box}
| ^
checkRd: (-1) dlg_input.Rd:5: Lost braces; missing escapes or markup?
5 | \title{A Tcl/Tk version of the {svDialogs} input a string or value dialog box}
| ^
checkRd: (-1) dlg_list.Rd:5: Lost braces; missing escapes or markup?
5 | \title{A Tcl/Tk version of the {svDialogs} list selection dialog box}
| ^
checkRd: (-1) dlg_list.Rd:36: Lost braces; missing escapes or markup?
36 | A Tcl/Tk version of the {svDialogs} list selection dialog box
| ^
checkRd: (-1) dlg_message.Rd:5: Lost braces; missing escapes or markup?
5 | \title{A Tcl/Tk version of the {svDialogs} message box}
| ^
checkRd: (-1) dlg_message.Rd:28: Lost braces; missing escapes or markup?
28 | A Tcl/Tk version of the {svDialogs} message box
| ^
checkRd: (-1) dlg_open.Rd:5: Lost braces; missing escapes or markup?
5 | \title{A Tcl/Tk version of the {svDialogs} file open dialog box}
| ^
checkRd: (-1) dlg_open.Rd:37: Lost braces; missing escapes or markup?
37 | A Tcl/Tk version of the {svDialogs} file open dialog box
| ^
checkRd: (-1) dlg_save.Rd:5: Lost braces; missing escapes or markup?
5 | \title{A Tcl/Tk version of the {svDialogs} file save dialog box}
| ^
checkRd: (-1) dlg_save.Rd:34: Lost braces; missing escapes or markup?
34 | A Tcl/Tk version of the {svDialogs} file save dialog box
| ^
checkRd: (-1) svDialogstcltk-package.Rd:12: Lost braces; missing escapes or markup?
12 | Implementation of Tcl/Tk dialog boxes for {svDialogs}. When the package is
| ^
Flavors: r-devel-linux-x86_64-debian-clang, r-devel-linux-x86_64-debian-gcc