CRAN Package Check Results for Package svines

Last updated on 2022-12-05 03:55:13 CET.

Flavor Version Tinstall Tcheck Ttotal Status Flags
r-devel-linux-x86_64-debian-clang 0.1.4 139.35 70.32 209.67 OK
r-devel-linux-x86_64-debian-gcc 0.1.4 127.48 56.10 183.58 WARN
r-devel-linux-x86_64-fedora-clang 0.1.4 299.16 NOTE
r-devel-linux-x86_64-fedora-gcc 0.1.4 322.40 OK
r-devel-windows-x86_64 0.1.4 104.00 145.00 249.00 NOTE
r-patched-linux-x86_64 0.1.4 134.50 69.85 204.35 OK
r-release-linux-x86_64 0.1.4 128.80 73.35 202.15 OK
r-release-macos-arm64 0.1.4 90.00 NOTE
r-release-macos-x86_64 0.1.4 104.00 NOTE
r-release-windows-x86_64 0.1.4 104.00 137.00 241.00 NOTE
r-oldrel-macos-arm64 0.1.4 70.00 NOTE
r-oldrel-macos-x86_64 0.1.4 105.00 NOTE
r-oldrel-windows-ix86+x86_64 0.1.4 307.00 180.00 487.00 NOTE

Check Details

Version: 0.1.4
Check: compiled code
Result: WARN
    File ‘svines/libs/svines.so’:
     Found ‘__sprintf_chk’, possibly from ‘sprintf’ (C)
     Object: ‘wrappers_svine.o’
    
    Compiled code should not call entry points which might terminate R nor
    write to stdout/stderr instead of to the console, nor use Fortran I/O
    nor system RNGs nor [v]sprintf.
    
    See ‘Writing portable packages’ in the ‘Writing R Extensions’ manual.
Flavor: r-devel-linux-x86_64-debian-gcc

Version: 0.1.4
Check: installed package size
Result: NOTE
     installed size is 5.6Mb
     sub-directories of 1Mb or more:
     libs 5.1Mb
Flavors: r-devel-linux-x86_64-fedora-clang, r-devel-windows-x86_64, r-release-macos-arm64, r-release-macos-x86_64, r-release-windows-x86_64, r-oldrel-macos-arm64, r-oldrel-macos-x86_64, r-oldrel-windows-ix86+x86_64