CRAN Package Check Results for Package sysid

Last updated on 2022-11-27 03:58:01 CET.

Flavor Version Tinstall Tcheck Ttotal Status Flags
r-devel-linux-x86_64-debian-clang 1.0.4 8.55 84.93 93.48 NOTE
r-devel-linux-x86_64-debian-gcc 1.0.4 6.43 62.91 69.34 NOTE
r-devel-linux-x86_64-fedora-clang 1.0.4 123.71 NOTE
r-devel-linux-x86_64-fedora-gcc 1.0.4 121.13 NOTE
r-devel-windows-x86_64 1.0.4 30.00 124.00 154.00 OK
r-patched-linux-x86_64 1.0.4 8.51 77.29 85.80 NOTE
r-release-linux-x86_64 1.0.4 8.04 79.23 87.27 NOTE
r-release-macos-arm64 1.0.4 36.00 OK
r-release-macos-x86_64 1.0.4 66.00 OK
r-release-windows-x86_64 1.0.4 32.00 120.00 152.00 OK
r-oldrel-macos-arm64 1.0.4 43.00 OK
r-oldrel-macos-x86_64 1.0.4 69.00 OK
r-oldrel-windows-ix86+x86_64 1.0.4 20.00 106.00 126.00 OK

Check Details

Version: 1.0.4
Check: for non-standard things in the check directory
Result: NOTE
    Found the following files/directories:
     'test.csv'
Flavors: r-devel-linux-x86_64-debian-clang, r-devel-linux-x86_64-debian-gcc, r-devel-linux-x86_64-fedora-clang, r-devel-linux-x86_64-fedora-gcc, r-patched-linux-x86_64, r-release-linux-x86_64