Last updated on 2023-12-02 03:57:57 CET.
Flavor | Version | Tinstall | Tcheck | Ttotal | Status | Flags |
---|---|---|---|---|---|---|
r-devel-linux-x86_64-debian-clang | 1.0.4 | 8.26 | 79.92 | 88.18 | NOTE | |
r-devel-linux-x86_64-debian-gcc | 1.0.4 | 7.14 | 58.89 | 66.03 | NOTE | |
r-devel-linux-x86_64-fedora-clang | 1.0.4 | 116.68 | NOTE | |||
r-devel-linux-x86_64-fedora-gcc | 1.0.4 | 103.69 | NOTE | |||
r-devel-windows-x86_64 | 1.0.4 | 10.00 | 88.00 | 98.00 | OK | |
r-patched-linux-x86_64 | 1.0.4 | 9.49 | 77.99 | 87.48 | NOTE | |
r-release-linux-x86_64 | 1.0.4 | 8.23 | 76.10 | 84.33 | NOTE | |
r-release-macos-arm64 | 1.0.4 | 36.00 | OK | |||
r-release-macos-x86_64 | 1.0.4 | 52.00 | OK | |||
r-release-windows-x86_64 | 1.0.4 | 12.00 | 101.00 | 113.00 | OK | |
r-oldrel-macos-arm64 | 1.0.4 | 36.00 | OK | |||
r-oldrel-macos-x86_64 | 1.0.4 | 66.00 | OK | |||
r-oldrel-windows-x86_64 | 1.0.4 | 11.00 | 95.00 | 106.00 | OK |
Version: 1.0.4
Check: for non-standard things in the check directory
Result: NOTE
Found the following files/directories:
‘test.csv’
Flavors: r-devel-linux-x86_64-debian-clang, r-devel-linux-x86_64-debian-gcc, r-devel-linux-x86_64-fedora-clang, r-devel-linux-x86_64-fedora-gcc, r-patched-linux-x86_64, r-release-linux-x86_64