Last updated on 2023-03-24 03:54:32 CET.
Flavor | Version | Tinstall | Tcheck | Ttotal | Status | Flags |
---|---|---|---|---|---|---|
r-devel-linux-x86_64-debian-clang | 0.1.4 | 7.16 | 51.56 | 58.72 | NOTE | |
r-devel-linux-x86_64-debian-gcc | 0.1.4 | 6.05 | 39.37 | 45.42 | NOTE | |
r-devel-linux-x86_64-fedora-clang | 0.1.4 | 76.45 | NOTE | |||
r-devel-linux-x86_64-fedora-gcc | 0.1.4 | 81.18 | NOTE | |||
r-patched-linux-x86_64 | 0.1.4 | 6.28 | 49.94 | 56.22 | OK | |
r-release-linux-x86_64 | 0.1.4 | 5.06 | 45.04 | 50.10 | OK | |
r-release-macos-arm64 | 0.1.4 | 34.00 | NOTE | |||
r-release-macos-x86_64 | 0.1.4 | 39.00 | NOTE | |||
r-release-windows-x86_64 | 0.1.4 | 21.00 | 80.00 | 101.00 | OK | |
r-oldrel-macos-arm64 | 0.1.4 | 29.00 | NOTE | |||
r-oldrel-macos-x86_64 | 0.1.4 | 39.00 | NOTE | |||
r-oldrel-windows-ix86+x86_64 | 0.1.4 | 20.00 | 106.00 | 126.00 | OK |
Version: 0.1.4
Check: C++ specification
Result: NOTE
Specified C++11: please drop specification unless essential
Flavors: r-devel-linux-x86_64-debian-clang, r-devel-linux-x86_64-debian-gcc, r-devel-linux-x86_64-fedora-clang, r-devel-linux-x86_64-fedora-gcc
Version: 0.1.4
Check: data for non-ASCII characters
Result: NOTE
Note: found 301 marked UTF-8 strings
Flavors: r-devel-linux-x86_64-fedora-clang, r-devel-linux-x86_64-fedora-gcc, r-release-macos-arm64, r-release-macos-x86_64, r-oldrel-macos-arm64, r-oldrel-macos-x86_64