CRAN Package Check Results for Package taxizedb

Last updated on 2022-08-17 04:50:55 CEST.

Flavor Version Tinstall Tcheck Ttotal Status Flags
r-devel-linux-x86_64-debian-clang 0.3.0 10.11 77.38 87.49 NOTE
r-devel-linux-x86_64-debian-gcc 0.3.0 NOTE
r-devel-linux-x86_64-fedora-clang 0.3.0 112.67 NOTE
r-devel-linux-x86_64-fedora-gcc 0.3.0 110.05 NOTE
r-devel-windows-x86_64 0.3.0 23.00 99.00 122.00 NOTE
r-patched-linux-x86_64 0.3.0 7.44 71.93 79.37 NOTE
r-release-linux-x86_64 0.3.0 6.79 72.47 79.26 NOTE
r-release-macos-arm64 0.3.0 30.00 NOTE
r-release-macos-x86_64 0.3.0 61.00 NOTE
r-release-windows-x86_64 0.3.0 32.00 98.00 130.00 NOTE
r-oldrel-macos-arm64 0.3.0 31.00 NOTE
r-oldrel-macos-x86_64 0.3.0 58.00 NOTE
r-oldrel-windows-ix86+x86_64 0.3.0 20.00 98.00 118.00 NOTE

Check Details

Version: 0.3.0
Check: LazyData
Result: NOTE
     'LazyData' is specified without a 'data' directory
Flavors: r-devel-linux-x86_64-debian-clang, r-devel-linux-x86_64-debian-gcc, r-devel-linux-x86_64-fedora-clang, r-devel-linux-x86_64-fedora-gcc, r-devel-windows-x86_64, r-patched-linux-x86_64, r-release-linux-x86_64, r-release-macos-arm64, r-release-macos-x86_64, r-release-windows-x86_64, r-oldrel-macos-arm64, r-oldrel-macos-x86_64, r-oldrel-windows-ix86+x86_64