CRAN Package Check Results for Package tbma

Last updated on 2022-11-27 03:58:01 CET.

Flavor Version Tinstall Tcheck Ttotal Status Flags
r-devel-linux-x86_64-debian-clang 0.1.0 7.52 74.20 81.72 NOTE
r-devel-linux-x86_64-debian-gcc 0.1.0 6.50 55.31 61.81 NOTE
r-devel-linux-x86_64-fedora-clang 0.1.0 112.50 NOTE
r-devel-linux-x86_64-fedora-gcc 0.1.0 105.77 NOTE
r-devel-windows-x86_64 0.1.0 12.00 94.00 106.00 NOTE
r-patched-linux-x86_64 0.1.0 7.21 68.43 75.64 NOTE
r-release-linux-x86_64 0.1.0 7.44 69.90 77.34 NOTE
r-release-macos-arm64 0.1.0 32.00 NOTE
r-release-macos-x86_64 0.1.0 41.00 NOTE
r-release-windows-x86_64 0.1.0 13.00 95.00 108.00 NOTE
r-oldrel-macos-arm64 0.1.0 33.00 NOTE
r-oldrel-macos-x86_64 0.1.0 51.00 NOTE
r-oldrel-windows-ix86+x86_64 0.1.0 18.00 88.00 106.00 NOTE

Check Details

Version: 0.1.0
Check: LazyData
Result: NOTE
     'LazyData' is specified without a 'data' directory
Flavors: r-devel-linux-x86_64-debian-clang, r-devel-linux-x86_64-debian-gcc, r-devel-linux-x86_64-fedora-clang, r-devel-linux-x86_64-fedora-gcc, r-devel-windows-x86_64, r-patched-linux-x86_64, r-release-linux-x86_64, r-release-macos-arm64, r-release-macos-x86_64, r-release-windows-x86_64, r-oldrel-macos-arm64, r-oldrel-macos-x86_64, r-oldrel-windows-ix86+x86_64