CRAN Package Check Results for Package tessellation

Last updated on 2022-12-07 03:57:38 CET.

Flavor Version Tinstall Tcheck Ttotal Status Flags
r-devel-linux-x86_64-debian-clang 2.1.0 35.95 120.93 156.88 WARN
r-devel-linux-x86_64-debian-gcc 2.1.0 29.34 90.55 119.89 WARN
r-devel-linux-x86_64-fedora-clang 2.1.0 217.01 WARN
r-devel-linux-x86_64-fedora-gcc 2.1.0 201.24 WARN
r-devel-windows-x86_64 2.1.0 69.00 147.00 216.00 OK
r-patched-linux-x86_64 2.1.0 32.11 112.49 144.60 OK
r-release-linux-x86_64 2.1.0 32.25 113.62 145.87 OK
r-release-macos-arm64 2.1.0 42.00 OK
r-release-macos-x86_64 2.1.0 70.00 OK
r-release-windows-x86_64 2.1.0 65.00 145.00 210.00 OK
r-oldrel-macos-arm64 2.1.0 39.00 OK
r-oldrel-macos-x86_64 2.1.0 66.00 OK
r-oldrel-windows-ix86+x86_64 2.1.0 88.00 196.00 284.00 OK

Check Details

Version: 2.1.0
Check: compiled code
Result: WARN
    File 'tessellation/libs/tessellation.so':
     Found '__sprintf_chk', possibly from 'sprintf' (C)
     Objects: 'delaunay.o', 'global_r.o', 'rboxlib_r.o'
    
    Compiled code should not call entry points which might terminate R nor
    write to stdout/stderr instead of to the console, nor use Fortran I/O
    nor system RNGs nor [v]sprintf.
    
    See 'Writing portable packages' in the 'Writing R Extensions' manual.
Flavors: r-devel-linux-x86_64-debian-clang, r-devel-linux-x86_64-debian-gcc, r-devel-linux-x86_64-fedora-gcc

Version: 2.1.0
Check: compiled code
Result: WARN
    File ‘tessellation/libs/tessellation.so’:
     Found ‘sprintf’, possibly from ‘sprintf’ (C)
     Objects: ‘delaunay.o’, ‘global_r.o’, ‘rboxlib_r.o’
    
    Compiled code should not call entry points which might terminate R nor
    write to stdout/stderr instead of to the console, nor use Fortran I/O
    nor system RNGs nor [v]sprintf.
    
    See ‘Writing portable packages’ in the ‘Writing R Extensions’ manual.
Flavor: r-devel-linux-x86_64-fedora-clang