CRAN Package Check Results for Package testassay

Last updated on 2023-12-03 04:02:39 CET.

Flavor Version Tinstall Tcheck Ttotal Status Flags
r-devel-linux-x86_64-debian-clang 0.1.1 2.10 29.08 31.18 NOTE
r-devel-linux-x86_64-debian-gcc 0.1.1 1.56 22.40 23.96 NOTE
r-devel-linux-x86_64-fedora-clang 0.1.1 40.45 OK
r-devel-linux-x86_64-fedora-gcc 0.1.1 49.58 OK
r-devel-windows-x86_64 0.1.1 3.00 48.00 51.00 OK
r-patched-linux-x86_64 0.1.1 1.76 27.97 29.73 OK
r-release-linux-x86_64 0.1.1 2.30 28.12 30.42 OK
r-release-macos-arm64 0.1.1 24.00 OK
r-release-macos-x86_64 0.1.1 35.00 OK
r-release-windows-x86_64 0.1.1 3.00 46.00 49.00 OK
r-oldrel-macos-arm64 0.1.1 30.00 OK
r-oldrel-macos-x86_64 0.1.1 25.00 OK
r-oldrel-windows-x86_64 0.1.1 4.00 50.00 54.00 OK

Check Details

Version: 0.1.1
Check: Rd files
Result: NOTE checkRd: (-1) lognormConstCVCI.Rd:19: Lost braces in \itemize; \value handles \item{}{} directly checkRd: (-1) lognormConstCVCI.Rd:20: Lost braces in \itemize; \value handles \item{}{} directly checkRd: (-1) lognormConstCVCI.Rd:21: Lost braces in \itemize; \value handles \item{}{} directly checkRd: (-1) normConstCVCI.Rd:21: Lost braces in \itemize; \value handles \item{}{} directly checkRd: (-1) normConstCVCI.Rd:22: Lost braces in \itemize; \value handles \item{}{} directly checkRd: (-1) normConstCVCI.Rd:23: Lost braces in \itemize; \value handles \item{}{} directly checkRd: (-1) testassay.Rd:32: Lost braces in \itemize; \value handles \item{}{} directly checkRd: (-1) testassay.Rd:33: Lost braces in \itemize; \value handles \item{}{} directly checkRd: (-1) testassay.Rd:34: Lost braces in \itemize; \value handles \item{}{} directly checkRd: (-1) testassay.Rd:35: Lost braces in \itemize; \value handles \item{}{} directly checkRd: (-1) testassay.Rd:36: Lost braces in \itemize; \value handles \item{}{} directly checkRd: (-1) testassay.Rd:37: Lost braces in \itemize; \value handles \item{}{} directly checkRd: (-1) testassay.Rd:38: Lost braces in \itemize; \value handles \item{}{} directly checkRd: (-1) testassay.Rd:39: Lost braces in \itemize; \value handles \item{}{} directly checkRd: (-1) testassay.Rd:40: Lost braces in \itemize; \value handles \item{}{} directly Flavors: r-devel-linux-x86_64-debian-clang, r-devel-linux-x86_64-debian-gcc