Last updated on 2023-06-09 04:53:15 CEST.
Flavor | Version | Tinstall | Tcheck | Ttotal | Status | Flags |
---|---|---|---|---|---|---|
r-devel-linux-x86_64-debian-clang | 0.6.3 | 74.48 | 308.65 | 383.13 | NOTE | |
r-devel-linux-x86_64-debian-gcc | 0.6.3 | 54.88 | 252.42 | 307.30 | NOTE | |
r-devel-linux-x86_64-fedora-clang | 0.6.3 | 499.78 | NOTE | |||
r-devel-linux-x86_64-fedora-gcc | 0.6.3 | 487.08 | NOTE | |||
r-devel-windows-x86_64 | 0.6.3 | 59.00 | 220.00 | 279.00 | NOTE | |
r-patched-linux-x86_64 | 0.6.3 | 68.54 | 292.24 | 360.78 | NOTE | |
r-release-linux-x86_64 | 0.6.3 | 66.42 | 287.76 | 354.18 | NOTE | |
r-release-macos-arm64 | 0.6.3 | 137.00 | NOTE | |||
r-release-macos-x86_64 | 0.6.3 | 216.00 | NOTE | |||
r-release-windows-x86_64 | 0.6.3 | 73.00 | 352.00 | 425.00 | NOTE | |
r-oldrel-macos-arm64 | 0.6.3 | 122.00 | NOTE | |||
r-oldrel-macos-x86_64 | 0.6.3 | 156.00 | NOTE | |||
r-oldrel-windows-x86_64 | 0.6.3 | 68.00 | 337.00 | 405.00 | NOTE |
Version: 0.6.3
Check: C++ specification
Result: NOTE
Specified C++11: please drop specification unless essential
Flavors: r-devel-linux-x86_64-debian-clang, r-devel-linux-x86_64-debian-gcc, r-devel-linux-x86_64-fedora-clang, r-devel-linux-x86_64-fedora-gcc, r-devel-windows-x86_64, r-patched-linux-x86_64, r-release-linux-x86_64, r-release-macos-arm64, r-release-macos-x86_64, r-release-windows-x86_64
Version: 0.6.3
Check: installed package size
Result: NOTE
installed size is 6.8Mb
sub-directories of 1Mb or more:
data 2.7Mb
doc 3.1Mb
Flavors: r-devel-linux-x86_64-fedora-clang, r-devel-windows-x86_64, r-release-macos-arm64, r-release-macos-x86_64, r-release-windows-x86_64, r-oldrel-macos-arm64, r-oldrel-macos-x86_64, r-oldrel-windows-x86_64
Version: 0.6.3
Check: startup messages can be suppressed
Result: NOTE
OMP: Warning #96: Cannot form a team with 24 threads, using 2 instead.
OMP: Hint Consider unsetting KMP_DEVICE_THREAD_LIMIT (KMP_ALL_THREADS), KMP_TEAMS_THREAD_LIMIT, and OMP_THREAD_LIMIT (if any are set).
It looks like this package (or a package it requires) has a startup
message which cannot be suppressed: see ?packageStartupMessage.
Flavor: r-devel-linux-x86_64-fedora-clang