Last updated on 2022-07-06 04:55:23 CEST.
Flavor | Version | Tinstall | Tcheck | Ttotal | Status | Flags |
---|---|---|---|---|---|---|
r-devel-linux-x86_64-debian-clang | 1.0-7 | 1.99 | 25.39 | 27.38 | OK | |
r-devel-linux-x86_64-debian-gcc | 1.0-7 | 2.16 | 19.54 | 21.70 | OK | |
r-devel-linux-x86_64-fedora-clang | 1.0-7 | 43.90 | NOTE | |||
r-devel-linux-x86_64-fedora-gcc | 1.0-7 | 44.06 | NOTE | |||
r-devel-windows-x86_64 | 1.0-7 | 13.00 | 54.00 | 67.00 | OK | |
r-patched-linux-x86_64 | 1.0-7 | 2.40 | 24.62 | 27.02 | OK | |
r-release-linux-x86_64 | 1.0-7 | 2.40 | 24.09 | 26.49 | OK | |
r-release-macos-arm64 | 1.0-7 | 16.00 | NOTE | |||
r-release-macos-x86_64 | 1.0-7 | 23.00 | NOTE | |||
r-release-windows-x86_64 | 1.0-7 | 15.00 | 48.00 | 63.00 | OK | |
r-oldrel-macos-arm64 | 1.0-7 | 17.00 | NOTE | |||
r-oldrel-macos-x86_64 | 1.0-7 | 28.00 | NOTE | |||
r-oldrel-windows-ix86+x86_64 | 1.0-7 | 6.00 | 50.00 | 56.00 | OK |
Version: 1.0-7
Check: Rd cross-references
Result: NOTE
Undeclared package ‘NLP’ in Rd xrefs
Flavor: r-devel-linux-x86_64-fedora-clang
Version: 1.0-7
Check: data for non-ASCII characters
Result: NOTE
Note: found 10051 marked UTF-8 strings
Note: found 10523 strings marked as "bytes"
Flavors: r-devel-linux-x86_64-fedora-clang, r-devel-linux-x86_64-fedora-gcc, r-release-macos-arm64, r-release-macos-x86_64, r-oldrel-macos-arm64, r-oldrel-macos-x86_64