Last updated on 2022-07-03 04:49:14 CEST.
Flavor | Version | Tinstall | Tcheck | Ttotal | Status | Flags |
---|---|---|---|---|---|---|
r-devel-linux-x86_64-debian-clang | 0.2.1 | 8.00 | 204.48 | 212.48 | OK | |
r-devel-linux-x86_64-debian-gcc | 0.2.1 | 6.80 | 166.32 | 173.12 | OK | |
r-devel-linux-x86_64-fedora-clang | 0.2.1 | 238.20 | OK | |||
r-devel-linux-x86_64-fedora-gcc | 0.2.1 | 245.10 | OK | |||
r-devel-windows-x86_64 | 0.2.1 | 30.00 | 225.00 | 255.00 | OK | |
r-patched-linux-x86_64 | 0.2.1 | 9.73 | 202.99 | 212.72 | OK | |
r-release-linux-x86_64 | 0.2.1 | 7.20 | 206.10 | 213.30 | OK | |
r-release-macos-arm64 | 0.2.1 | 76.00 | NOTE | |||
r-release-macos-x86_64 | 0.2.1 | 95.00 | OK | |||
r-release-windows-x86_64 | 0.2.1 | 26.00 | 223.00 | 249.00 | OK | |
r-oldrel-macos-arm64 | 0.2.1 | 80.00 | OK | |||
r-oldrel-macos-x86_64 | 0.2.1 | 91.00 | OK | |||
r-oldrel-windows-ix86+x86_64 | 0.2.1 | 18.00 | 229.00 | 247.00 | OK |
Version: 0.2.1
Check: package dependencies
Result: NOTE
Packages suggested but not available for checking: 'graph', 'Rgraphviz'
Flavor: r-release-macos-arm64