CRAN Package Check Results for Package textreuse

Last updated on 2022-06-29 04:56:08 CEST.

Flavor Version Tinstall Tcheck Ttotal Status Flags
r-devel-linux-x86_64-debian-clang 0.1.5 42.70 61.08 103.78 NOTE
r-devel-linux-x86_64-debian-gcc 0.1.5 31.35 47.78 79.13 NOTE
r-devel-linux-x86_64-fedora-clang 0.1.5 153.24 NOTE
r-devel-linux-x86_64-fedora-gcc 0.1.5 137.18 NOTE
r-devel-windows-x86_64 0.1.5 80.00 117.00 197.00 NOTE
r-patched-linux-x86_64 0.1.5 37.35 59.31 96.66 NOTE
r-release-linux-x86_64 0.1.5 27.11 60.06 87.17 NOTE
r-release-macos-arm64 0.1.5 46.00 NOTE
r-release-macos-x86_64 0.1.5 73.00 NOTE
r-release-windows-x86_64 0.1.5 108.00 118.00 226.00 NOTE
r-oldrel-macos-arm64 0.1.5 49.00 NOTE
r-oldrel-macos-x86_64 0.1.5 80.00 NOTE
r-oldrel-windows-ix86+x86_64 0.1.5 104.00 126.00 230.00 NOTE

Check Details

Version: 0.1.5
Check: LazyData
Result: NOTE
     'LazyData' is specified without a 'data' directory
Flavors: r-devel-linux-x86_64-debian-clang, r-devel-linux-x86_64-debian-gcc, r-devel-linux-x86_64-fedora-clang, r-devel-linux-x86_64-fedora-gcc, r-devel-windows-x86_64, r-patched-linux-x86_64, r-release-linux-x86_64, r-release-macos-arm64, r-release-macos-x86_64, r-release-windows-x86_64, r-oldrel-macos-arm64, r-oldrel-macos-x86_64, r-oldrel-windows-ix86+x86_64

Version: 0.1.5
Check: Rd cross-references
Result: NOTE
    Undeclared package ‘tm’ in Rd xrefs
Flavor: r-devel-linux-x86_64-fedora-clang

Version: 0.1.5
Check: installed package size
Result: NOTE
     installed size is 5.3Mb
     sub-directories of 1Mb or more:
     extdata 2.9Mb
     libs 2.1Mb
Flavor: r-oldrel-windows-ix86+x86_64