CRAN Package Check Results for Package tfio

Last updated on 2022-12-10 03:57:43 CET.

Flavor Version Tinstall Tcheck Ttotal Status Flags
r-devel-linux-x86_64-debian-clang 0.4.1 10.26 87.43 97.69 NOTE
r-devel-linux-x86_64-debian-gcc 0.4.1 8.99 67.52 76.51 NOTE
r-devel-linux-x86_64-fedora-clang 0.4.1 131.52 NOTE
r-devel-linux-x86_64-fedora-gcc 0.4.1 141.77 NOTE
r-devel-windows-x86_64 0.4.1 24.00 119.00 143.00 NOTE
r-patched-linux-x86_64 0.4.1 12.00 83.13 95.13 NOTE
r-release-linux-x86_64 0.4.1 11.43 87.64 99.07 NOTE
r-release-macos-arm64 0.4.1 34.00 NOTE
r-release-macos-x86_64 0.4.1 70.00 NOTE
r-release-windows-x86_64 0.4.1 24.00 123.00 147.00 NOTE
r-oldrel-macos-arm64 0.4.1 41.00 NOTE
r-oldrel-macos-x86_64 0.4.1 62.00 NOTE
r-oldrel-windows-ix86+x86_64 0.4.1 23.00 110.00 133.00 NOTE

Check Details

Version: 0.4.1
Check: LazyData
Result: NOTE
     'LazyData' is specified without a 'data' directory
Flavors: r-devel-linux-x86_64-debian-clang, r-devel-linux-x86_64-debian-gcc, r-devel-linux-x86_64-fedora-clang, r-devel-linux-x86_64-fedora-gcc, r-devel-windows-x86_64, r-patched-linux-x86_64, r-release-linux-x86_64, r-release-macos-arm64, r-release-macos-x86_64, r-release-windows-x86_64, r-oldrel-macos-arm64, r-oldrel-macos-x86_64, r-oldrel-windows-ix86+x86_64