Last updated on 2022-08-13 04:58:01 CEST.
Flavor | Version | Tinstall | Tcheck | Ttotal | Status | Flags |
---|---|---|---|---|---|---|
r-devel-linux-x86_64-debian-clang | 0.12.1 | 252.04 | 162.81 | 414.85 | NOTE | |
r-devel-linux-x86_64-debian-gcc | 0.12.1 | 235.54 | 130.67 | 366.21 | NOTE | |
r-devel-linux-x86_64-fedora-clang | 0.12.1 | 594.51 | NOTE | |||
r-devel-linux-x86_64-fedora-gcc | 0.12.1 | 637.60 | NOTE | |||
r-devel-windows-x86_64 | 0.12.1 | 231.00 | 226.00 | 457.00 | NOTE | |
r-patched-linux-x86_64 | 0.12.1 | 248.06 | 169.11 | 417.17 | NOTE | |
r-release-linux-x86_64 | 0.12.1 | 203.80 | 169.16 | 372.96 | NOTE | |
r-release-macos-arm64 | 0.12.1 | 141.00 | NOTE | |||
r-release-macos-x86_64 | 0.12.1 | 252.00 | NOTE | |||
r-release-windows-x86_64 | 0.12.1 | 556.00 | 241.00 | 797.00 | NOTE | |
r-oldrel-macos-arm64 | 0.12.1 | 162.00 | NOTE | |||
r-oldrel-macos-x86_64 | 0.12.1 | 188.00 | NOTE | |||
r-oldrel-windows-ix86+x86_64 | 0.12.1 | 589.00 | 331.00 | 920.00 | NOTE |
Version: 0.12.1
Check: for GNU extensions in Makefiles
Result: NOTE
GNU make is a SystemRequirements.
Flavors: r-devel-linux-x86_64-debian-clang, r-devel-linux-x86_64-debian-gcc, r-devel-linux-x86_64-fedora-clang, r-devel-linux-x86_64-fedora-gcc, r-devel-windows-x86_64, r-patched-linux-x86_64, r-release-linux-x86_64, r-release-macos-arm64, r-release-macos-x86_64, r-release-windows-x86_64, r-oldrel-macos-arm64, r-oldrel-macos-x86_64, r-oldrel-windows-ix86+x86_64
Version: 0.12.1
Check: installed package size
Result: NOTE
installed size is 35.3Mb
sub-directories of 1Mb or more:
libs 34.8Mb
Flavors: r-devel-linux-x86_64-fedora-clang, r-release-macos-arm64, r-release-macos-x86_64, r-oldrel-macos-arm64, r-oldrel-macos-x86_64, r-oldrel-windows-ix86+x86_64
Version: 0.12.1
Check: dependencies in R code
Result: NOTE
Namespaces in Imports field not imported from:
‘RcppParallel’ ‘knitr’
All declared Imports should be used.
Flavors: r-devel-linux-x86_64-fedora-clang, r-devel-linux-x86_64-fedora-gcc, r-release-macos-arm64, r-release-macos-x86_64, r-oldrel-macos-arm64, r-oldrel-macos-x86_64