CRAN Package Check Results for Package tictactoe

Last updated on 2023-03-21 03:55:03 CET.

Flavor Version Tinstall Tcheck Ttotal Status Flags
r-devel-linux-x86_64-debian-clang 0.2.2 NOTE
r-devel-linux-x86_64-debian-gcc 0.2.2 2.45 29.92 32.37 NOTE
r-devel-linux-x86_64-fedora-clang 0.2.2 54.73 NOTE
r-devel-linux-x86_64-fedora-gcc 0.2.2 49.29 NOTE
r-patched-linux-x86_64 0.2.2 3.25 37.23 40.48 NOTE
r-release-linux-x86_64 0.2.2 2.75 37.68 40.43 NOTE
r-release-macos-arm64 0.2.2 18.00 NOTE
r-release-macos-x86_64 0.2.2 27.00 NOTE
r-release-windows-x86_64 0.2.2 23.00 70.00 93.00 NOTE
r-oldrel-macos-arm64 0.2.2 22.00 NOTE
r-oldrel-macos-x86_64 0.2.2 33.00 NOTE
r-oldrel-windows-ix86+x86_64 0.2.2 8.00 63.00 71.00 NOTE

Check Details

Version: 0.2.2
Check: LazyData
Result: NOTE
     'LazyData' is specified without a 'data' directory
Flavors: r-devel-linux-x86_64-debian-clang, r-devel-linux-x86_64-debian-gcc, r-devel-linux-x86_64-fedora-clang, r-devel-linux-x86_64-fedora-gcc, r-patched-linux-x86_64, r-release-linux-x86_64, r-release-macos-arm64, r-release-macos-x86_64, r-release-windows-x86_64, r-oldrel-macos-arm64, r-oldrel-macos-x86_64, r-oldrel-windows-ix86+x86_64