CRAN Package Check Results for Package tidyEmoji

Last updated on 2022-09-27 04:50:45 CEST.

Flavor Version Tinstall Tcheck Ttotal Status Flags
r-devel-linux-x86_64-debian-clang 0.1.0 5.63 110.93 116.56 OK
r-devel-linux-x86_64-debian-gcc 0.1.0 4.30 86.61 90.91 OK
r-devel-linux-x86_64-fedora-clang 0.1.0 164.82 NOTE
r-devel-linux-x86_64-fedora-gcc 0.1.0 147.30 NOTE
r-devel-windows-x86_64 0.1.0 17.00 143.00 160.00 OK
r-patched-linux-x86_64 0.1.0 4.31 110.36 114.67 OK
r-release-linux-x86_64 0.1.0 3.80 108.60 112.40 OK
r-release-macos-arm64 0.1.0 49.00 NOTE
r-release-macos-x86_64 0.1.0 82.00 NOTE
r-release-windows-x86_64 0.1.0 21.00 138.00 159.00 OK
r-oldrel-macos-arm64 0.1.0 45.00 NOTE
r-oldrel-macos-x86_64 0.1.0 63.00 NOTE
r-oldrel-windows-ix86+x86_64 0.1.0 14.00 133.00 147.00 OK

Check Details

Version: 0.1.0
Check: data for non-ASCII characters
Result: NOTE
     Note: found 4546 marked UTF-8 strings
Flavors: r-devel-linux-x86_64-fedora-clang, r-devel-linux-x86_64-fedora-gcc, r-release-macos-arm64, r-release-macos-x86_64, r-oldrel-macos-arm64, r-oldrel-macos-x86_64