CRAN Package Check Results for Package tidycensus

Last updated on 2023-02-01 03:54:30 CET.

Flavor Version Tinstall Tcheck Ttotal Status Flags
r-devel-linux-x86_64-debian-clang 1.3.1 14.41 99.43 113.84 OK
r-devel-linux-x86_64-debian-gcc 1.3.2 11.47 72.01 83.48 OK
r-devel-linux-x86_64-fedora-clang 1.3.2 135.09 NOTE
r-devel-linux-x86_64-fedora-gcc 1.3.2 131.90 NOTE
r-devel-windows-x86_64 1.3.1 17.00 122.00 139.00 OK
r-patched-linux-x86_64 1.3.1 12.81 93.14 105.95 OK
r-release-linux-x86_64 1.3.1 12.25 95.43 107.68 OK
r-release-macos-arm64 1.3.2 34.00 OK
r-release-macos-x86_64 1.3.1 55.00 OK
r-release-windows-x86_64 1.3.2 16.00 112.00 128.00 OK
r-oldrel-macos-arm64 1.3.2 34.00 OK
r-oldrel-macos-x86_64 1.3.1 56.00 OK
r-oldrel-windows-ix86+x86_64 1.3.1 28.00 124.00 152.00 OK

Check Details

Version: 1.3.2
Check: data for non-ASCII characters
Result: NOTE
     Note: found 2 marked UTF-8 strings
Flavors: r-devel-linux-x86_64-fedora-clang, r-devel-linux-x86_64-fedora-gcc