Last updated on 2023-03-21 03:55:03 CET.
Flavor | Version | Tinstall | Tcheck | Ttotal | Status | Flags |
---|---|---|---|---|---|---|
r-devel-linux-x86_64-debian-clang | 0.2.1 | NOTE | ||||
r-devel-linux-x86_64-debian-gcc | 0.2.1 | 14.02 | 38.17 | 52.19 | NOTE | |
r-devel-linux-x86_64-fedora-clang | 0.2.1 | 104.50 | NOTE | |||
r-devel-linux-x86_64-fedora-gcc | 0.2.1 | 85.44 | NOTE | |||
r-patched-linux-x86_64 | 0.2.1 | 13.59 | 48.46 | 62.05 | NOTE | |
r-release-linux-x86_64 | 0.2.1 | 15.28 | 47.81 | 63.09 | NOTE | |
r-release-macos-arm64 | 0.2.1 | 27.00 | NOTE | |||
r-release-macos-x86_64 | 0.2.1 | 38.00 | NOTE | |||
r-release-windows-x86_64 | 0.2.1 | 43.00 | 97.00 | 140.00 | NOTE | |
r-oldrel-macos-arm64 | 0.2.1 | 37.00 | NOTE | |||
r-oldrel-macos-x86_64 | 0.2.1 | 46.00 | NOTE | |||
r-oldrel-windows-ix86+x86_64 | 0.2.1 | 45.00 | 112.00 | 157.00 | NOTE |
Version: 0.2.1
Check: LazyData
Result: NOTE
'LazyData' is specified without a 'data' directory
Flavors: r-devel-linux-x86_64-debian-clang, r-devel-linux-x86_64-debian-gcc, r-devel-linux-x86_64-fedora-clang, r-devel-linux-x86_64-fedora-gcc, r-patched-linux-x86_64, r-release-linux-x86_64, r-release-macos-arm64, r-release-macos-x86_64, r-release-windows-x86_64, r-oldrel-macos-arm64, r-oldrel-macos-x86_64, r-oldrel-windows-ix86+x86_64