Last updated on 2022-08-16 04:53:52 CEST.
Flavor | Version | Tinstall | Tcheck | Ttotal | Status | Flags |
---|---|---|---|---|---|---|
r-devel-linux-x86_64-debian-clang | 2.2.7 | 38.91 | 337.75 | 376.66 | OK | |
r-devel-linux-x86_64-debian-gcc | 2.2.7 | 29.91 | 266.90 | 296.81 | OK | |
r-devel-linux-x86_64-fedora-clang | 2.2.7 | 400.04 | NOTE | |||
r-devel-linux-x86_64-fedora-gcc | 2.2.7 | 393.57 | NOTE | |||
r-devel-windows-x86_64 | 2.2.7 | 52.00 | 383.00 | 435.00 | OK | |
r-patched-linux-x86_64 | 2.2.7 | 38.22 | 303.65 | 341.87 | OK | |
r-release-linux-x86_64 | 2.2.7 | 33.96 | 335.84 | 369.80 | OK | |
r-release-macos-arm64 | 2.2.7 | 122.00 | NOTE | |||
r-release-macos-x86_64 | 2.2.7 | 206.00 | NOTE | |||
r-release-windows-x86_64 | 2.2.7 | 62.00 | 382.00 | 444.00 | OK | |
r-oldrel-macos-arm64 | 2.2.7 | 90.00 | NOTE | |||
r-oldrel-macos-x86_64 | 2.2.7 | 151.00 | NOTE | |||
r-oldrel-windows-ix86+x86_64 | 2.2.7 | 83.00 | 370.00 | 453.00 | OK |
Version: 2.2.7
Check: data for non-ASCII characters
Result: NOTE
Note: found 2 marked UTF-8 strings
Flavors: r-devel-linux-x86_64-fedora-clang, r-devel-linux-x86_64-fedora-gcc, r-release-macos-arm64, r-release-macos-x86_64, r-oldrel-macos-arm64, r-oldrel-macos-x86_64