CRAN Package Check Results for Package titrationCurves

Last updated on 2023-12-08 04:03:27 CET.

Flavor Version Tinstall Tcheck Ttotal Status Flags
r-devel-linux-x86_64-debian-clang 0.1.0 2.40 40.98 43.38 NOTE
r-devel-linux-x86_64-debian-gcc 0.1.0 2.32 32.49 34.81 NOTE
r-devel-linux-x86_64-fedora-clang 0.1.0 59.35 NOTE
r-devel-linux-x86_64-fedora-gcc 0.1.0 67.38 NOTE
r-devel-windows-x86_64 0.1.0 4.00 114.00 118.00 NOTE
r-patched-linux-x86_64 0.1.0 2.81 39.88 42.69 NOTE
r-release-linux-x86_64 0.1.0 3.21 39.79 43.00 NOTE
r-release-macos-arm64 0.1.0 30.00 NOTE
r-release-macos-x86_64 0.1.0 37.00 NOTE
r-release-windows-x86_64 0.1.0 4.00 57.00 61.00 NOTE
r-oldrel-macos-arm64 0.1.0 23.00 NOTE
r-oldrel-macos-x86_64 0.1.0 26.00 NOTE
r-oldrel-windows-x86_64 0.1.0 5.00 56.00 61.00 NOTE

Check Details

Version: 0.1.0
Check: LazyData
Result: NOTE 'LazyData' is specified without a 'data' directory Flavors: r-devel-linux-x86_64-debian-clang, r-devel-linux-x86_64-debian-gcc, r-devel-linux-x86_64-fedora-clang, r-devel-linux-x86_64-fedora-gcc, r-devel-windows-x86_64, r-patched-linux-x86_64, r-release-linux-x86_64, r-release-macos-arm64, r-release-macos-x86_64, r-release-windows-x86_64, r-oldrel-macos-arm64, r-oldrel-macos-x86_64, r-oldrel-windows-x86_64