Last updated on 2023-02-05 03:54:02 CET.
Flavor | Version | Tinstall | Tcheck | Ttotal | Status | Flags |
---|---|---|---|---|---|---|
r-devel-linux-x86_64-debian-clang | 3.1-1 | 7.34 | 113.18 | 120.52 | NOTE | |
r-devel-linux-x86_64-debian-gcc | 3.1-1 | 6.45 | 83.77 | 90.22 | NOTE | |
r-devel-linux-x86_64-fedora-clang | 3.1-1 | 144.31 | NOTE | |||
r-devel-linux-x86_64-fedora-gcc | 3.1-1 | 148.19 | NOTE | |||
r-devel-windows-x86_64 | 3.1-1 | 37.00 | 142.00 | 179.00 | NOTE | |
r-patched-linux-x86_64 | 3.1-1 | 8.14 | 108.05 | 116.19 | NOTE | |
r-release-linux-x86_64 | 3.1-1 | 7.58 | 108.88 | 116.46 | NOTE | |
r-release-macos-arm64 | 3.1-1 | 49.00 | NOTE | |||
r-release-macos-x86_64 | 3.1-1 | 90.00 | NOTE | |||
r-release-windows-x86_64 | 3.1-1 | 31.00 | 141.00 | 172.00 | NOTE | |
r-oldrel-macos-arm64 | 3.1-1 | 51.00 | NOTE | |||
r-oldrel-macos-x86_64 | 3.1-1 | 70.00 | NOTE | |||
r-oldrel-windows-ix86+x86_64 | 3.1-1 | 21.00 | 144.00 | 165.00 | NOTE |
Version: 3.1-1
Check: LazyData
Result: NOTE
'LazyData' is specified without a 'data' directory
Flavors: r-devel-linux-x86_64-debian-clang, r-devel-linux-x86_64-debian-gcc, r-devel-linux-x86_64-fedora-clang, r-devel-linux-x86_64-fedora-gcc, r-devel-windows-x86_64, r-patched-linux-x86_64, r-release-linux-x86_64, r-release-macos-arm64, r-release-macos-x86_64, r-release-windows-x86_64, r-oldrel-macos-arm64, r-oldrel-macos-x86_64, r-oldrel-windows-ix86+x86_64
Version: 3.1-1
Check: Rd cross-references
Result: NOTE
Undeclared package ‘sp’ in Rd xrefs
Flavor: r-devel-linux-x86_64-fedora-clang
Version: 3.1-1
Check: package dependencies
Result: NOTE
Package suggested but not available for checking: ‘OpenStreetMap’
Flavor: r-release-macos-x86_64
Version: 3.1-1
Check: Rd cross-references
Result: NOTE
Package unavailable to check Rd xrefs: ‘OpenStreetMap’
Flavor: r-release-macos-x86_64