CRAN Package Check Results for Package togglr

Last updated on 2022-12-08 04:06:45 CET.

Flavor Version Tinstall Tcheck Ttotal Status Flags
r-devel-linux-x86_64-debian-clang 0.1.99 6.37 65.48 71.85 OK
r-devel-linux-x86_64-debian-gcc 0.1.99 4.59 48.78 53.37 OK
r-devel-linux-x86_64-fedora-clang 0.1.99 99.61 NOTE
r-devel-linux-x86_64-fedora-gcc 0.1.99 106.24 NOTE
r-devel-windows-x86_64 0.1.99 36.00 99.00 135.00 OK
r-patched-linux-x86_64 0.1.99 8.09 59.26 67.35 OK
r-release-linux-x86_64 0.1.99 7.19 59.87 67.06 OK
r-release-macos-arm64 0.1.99 29.00 NOTE
r-release-macos-x86_64 0.1.99 41.00 NOTE
r-release-windows-x86_64 0.1.99 34.00 100.00 134.00 OK
r-oldrel-macos-arm64 0.1.99 27.00 NOTE
r-oldrel-macos-x86_64 0.1.99 42.00 NOTE
r-oldrel-windows-ix86+x86_64 0.1.99 19.00 85.00 104.00 OK

Check Details

Version: 0.1.99
Check: dependencies in R code
Result: NOTE
    Namespace in Imports field not imported from: ‘memoise’
     All declared Imports should be used.
Flavors: r-devel-linux-x86_64-fedora-clang, r-devel-linux-x86_64-fedora-gcc, r-release-macos-arm64, r-release-macos-x86_64, r-oldrel-macos-arm64, r-oldrel-macos-x86_64