CRAN Package Check Results for Package tokenizers.bpe

Last updated on 2022-07-06 04:55:23 CEST.

Flavor Version Tinstall Tcheck Ttotal Status Flags
r-devel-linux-x86_64-debian-clang 0.1.0 122.65 29.94 152.59 OK
r-devel-linux-x86_64-debian-gcc 0.1.0 98.86 23.76 122.62 OK
r-devel-linux-x86_64-fedora-clang 0.1.0 244.80 OK
r-devel-linux-x86_64-fedora-gcc 0.1.0 215.93 OK
r-devel-windows-x86_64 0.1.0 129.00 81.00 210.00 OK
r-patched-linux-x86_64 0.1.0 111.59 29.75 141.34 OK
r-release-linux-x86_64 0.1.0 107.40 29.31 136.71 OK
r-release-macos-arm64 0.1.0 52.00 NOTE
r-release-macos-x86_64 0.1.0 73.00 NOTE
r-release-windows-x86_64 0.1.0 116.00 70.00 186.00 OK
r-oldrel-macos-arm64 0.1.0 56.00 NOTE
r-oldrel-macos-x86_64 0.1.0 101.00 NOTE
r-oldrel-windows-ix86+x86_64 0.1.0 276.00 88.00 364.00 OK

Check Details

Version: 0.1.0
Check: installed package size
Result: NOTE
     installed size is 6.2Mb
     sub-directories of 1Mb or more:
     libs 5.2Mb
Flavors: r-release-macos-arm64, r-release-macos-x86_64, r-oldrel-macos-arm64, r-oldrel-macos-x86_64