CRAN Package Check Results for Package tokenizers

Last updated on 2022-07-02 04:56:16 CEST.

Flavor Version Tinstall Tcheck Ttotal Status Flags
r-devel-linux-x86_64-debian-clang 0.2.1 31.82 44.39 76.21 OK
r-devel-linux-x86_64-debian-gcc 0.2.1 22.10 34.35 56.45 OK
r-devel-linux-x86_64-fedora-clang 0.2.1 109.67 NOTE
r-devel-linux-x86_64-fedora-gcc 0.2.1 101.28 NOTE
r-devel-windows-x86_64 0.2.1 51.00 102.00 153.00 OK
r-patched-linux-x86_64 0.2.1 25.82 42.66 68.48 OK
r-release-linux-x86_64 0.2.1 23.06 42.05 65.11 OK
r-release-macos-arm64 0.2.1 32.00 NOTE
r-release-macos-x86_64 0.2.1 46.00 NOTE
r-release-windows-x86_64 0.2.1 56.00 98.00 154.00 OK
r-oldrel-macos-arm64 0.2.1 37.00 NOTE
r-oldrel-macos-x86_64 0.2.1 58.00 NOTE
r-oldrel-windows-ix86+x86_64 0.2.1 72.00 101.00 173.00 OK

Check Details

Version: 0.2.1
Check: data for non-ASCII characters
Result: NOTE
     Note: found 1 marked UTF-8 string
Flavors: r-devel-linux-x86_64-fedora-clang, r-devel-linux-x86_64-fedora-gcc, r-release-macos-arm64, r-release-macos-x86_64, r-oldrel-macos-arm64, r-oldrel-macos-x86_64