Last updated on 2022-07-02 04:56:16 CEST.
Flavor | Version | Tinstall | Tcheck | Ttotal | Status | Flags |
---|---|---|---|---|---|---|
r-devel-linux-x86_64-debian-clang | 0.2-12 | 17.26 | 142.31 | 159.57 | NOTE | |
r-devel-linux-x86_64-debian-gcc | 0.2-12 | 12.68 | 105.01 | 117.69 | NOTE | |
r-devel-linux-x86_64-fedora-clang | 0.2-12 | 201.82 | NOTE | |||
r-devel-linux-x86_64-fedora-gcc | 0.2-12 | 201.02 | NOTE | |||
r-devel-windows-x86_64 | 0.2-12 | 64.00 | 243.00 | 307.00 | NOTE | |
r-patched-linux-x86_64 | 0.2-12 | 16.79 | 137.79 | 154.58 | NOTE | |
r-release-linux-x86_64 | 0.2-12 | 15.13 | 138.39 | 153.52 | NOTE | |
r-release-macos-arm64 | 0.2-12 | 110.00 | NOTE | |||
r-release-macos-x86_64 | 0.2-12 | 133.00 | NOTE | |||
r-release-windows-x86_64 | 0.2-12 | 67.00 | 252.00 | 319.00 | NOTE | |
r-oldrel-macos-arm64 | 0.2-12 | 117.00 | NOTE | |||
r-oldrel-macos-x86_64 | 0.2-12 | 187.00 | NOTE | |||
r-oldrel-windows-ix86+x86_64 | 0.2-12 | 46.00 | 236.00 | 282.00 | NOTE |
Version: 0.2-12
Check: package dependencies
Result: NOTE
Package suggested but not available for checking: 'corpus.JSS.papers'
Flavors: r-devel-linux-x86_64-debian-clang, r-devel-linux-x86_64-debian-gcc, r-devel-linux-x86_64-fedora-clang, r-devel-linux-x86_64-fedora-gcc, r-devel-windows-x86_64, r-patched-linux-x86_64, r-release-linux-x86_64, r-release-macos-arm64, r-release-macos-x86_64, r-release-windows-x86_64, r-oldrel-macos-arm64, r-oldrel-macos-x86_64, r-oldrel-windows-ix86+x86_64