CRAN Package Check Results for Package traitdataform

Last updated on 2022-12-03 03:57:23 CET.

Flavor Version Tinstall Tcheck Ttotal Status Flags
r-devel-linux-x86_64-debian-clang 0.6.8 12.52 120.51 133.03 ERROR
r-devel-linux-x86_64-debian-gcc 0.6.8 8.40 91.27 99.67 ERROR
r-devel-linux-x86_64-fedora-clang 0.6.8 179.20 ERROR
r-devel-linux-x86_64-fedora-gcc 0.6.8 189.47 ERROR
r-devel-windows-x86_64 0.6.8 50.00 158.00 208.00 ERROR
r-patched-linux-x86_64 0.6.8 13.29 111.18 124.47 ERROR
r-release-linux-x86_64 0.6.8 12.02 114.26 126.28 ERROR
r-release-macos-arm64 0.6.8 140.00 NOTE
r-release-macos-x86_64 0.6.8 152.00 NOTE
r-release-windows-x86_64 0.6.8 57.00 165.00 222.00 ERROR
r-oldrel-macos-arm64 0.6.8 128.00 NOTE
r-oldrel-macos-x86_64 0.6.8 147.00 NOTE
r-oldrel-windows-ix86+x86_64 0.6.8 31.00 151.00 182.00 ERROR

Check Details

Version: 0.6.8
Check: tests
Result: ERROR
     Running 'testthat.R' [6s/12s]
    Running the tests in 'tests/testthat.R' failed.
    Complete output:
     > library(testthat)
     > library(traitdataform)
     >
     > test_check("traitdataform")
     [ FAIL 1 | WARN 0 | SKIP 4 | PASS 52 ]
    
     == Skipped tests ===============================================================
     * On CRAN (1)
     * empty test (2)
     * l10n_info()$`UTF-8` is not TRUE (1)
    
     == Failed tests ================================================================
     -- Failure ('test.map_gbif_taxonomy.R:10'): gbif taxonomy reachable ------------
     Value hashes to e4a1ebc14a623561496a4386b39c36a7, not 78fc839027d0fa26b64e6f856ece50b0
    
     [ FAIL 1 | WARN 0 | SKIP 4 | PASS 52 ]
     Error: Test failures
     Execution halted
Flavor: r-devel-linux-x86_64-debian-clang

Version: 0.6.8
Check: tests
Result: ERROR
     Running ‘testthat.R’ [5s/12s]
    Running the tests in ‘tests/testthat.R’ failed.
    Complete output:
     > library(testthat)
     > library(traitdataform)
     >
     > test_check("traitdataform")
     [ FAIL 1 | WARN 0 | SKIP 3 | PASS 61 ]
    
     ══ Skipped tests ═══════════════════════════════════════════════════════════════
     • On CRAN (1)
     • empty test (2)
    
     ══ Failed tests ════════════════════════════════════════════════════════════════
     ── Failure ('test.map_gbif_taxonomy.R:10'): gbif taxonomy reachable ────────────
     Value hashes to e4a1ebc14a623561496a4386b39c36a7, not 78fc839027d0fa26b64e6f856ece50b0
    
     [ FAIL 1 | WARN 0 | SKIP 3 | PASS 61 ]
     Error: Test failures
     Execution halted
Flavor: r-devel-linux-x86_64-debian-gcc

Version: 0.6.8
Check: data for non-ASCII characters
Result: NOTE
     Note: found 2 marked Latin-1 strings
     Note: found 701 marked UTF-8 strings
Flavors: r-devel-linux-x86_64-fedora-clang, r-devel-linux-x86_64-fedora-gcc, r-release-macos-arm64, r-release-macos-x86_64, r-oldrel-macos-arm64, r-oldrel-macos-x86_64

Version: 0.6.8
Check: tests
Result: ERROR
     Running ‘testthat.R’ [8s/19s]
    Running the tests in ‘tests/testthat.R’ failed.
    Complete output:
     > library(testthat)
     > library(traitdataform)
     >
     > test_check("traitdataform")
     [ FAIL 1 | WARN 0 | SKIP 3 | PASS 61 ]
    
     ══ Skipped tests ═══════════════════════════════════════════════════════════════
     • On CRAN (1)
     • empty test (2)
    
     ══ Failed tests ════════════════════════════════════════════════════════════════
     ── Failure ('test.map_gbif_taxonomy.R:10'): gbif taxonomy reachable ────────────
     Value hashes to e4a1ebc14a623561496a4386b39c36a7, not 78fc839027d0fa26b64e6f856ece50b0
    
     [ FAIL 1 | WARN 0 | SKIP 3 | PASS 61 ]
     Error: Test failures
     Execution halted
Flavor: r-devel-linux-x86_64-fedora-clang

Version: 0.6.8
Check: tests
Result: ERROR
     Running ‘testthat.R’ [8s/16s]
    Running the tests in ‘tests/testthat.R’ failed.
    Complete output:
     > library(testthat)
     > library(traitdataform)
     >
     > test_check("traitdataform")
     [ FAIL 1 | WARN 0 | SKIP 3 | PASS 61 ]
    
     ══ Skipped tests ═══════════════════════════════════════════════════════════════
     • On CRAN (1)
     • empty test (2)
    
     ══ Failed tests ════════════════════════════════════════════════════════════════
     ── Failure ('test.map_gbif_taxonomy.R:10'): gbif taxonomy reachable ────────────
     Value hashes to e4a1ebc14a623561496a4386b39c36a7, not 78fc839027d0fa26b64e6f856ece50b0
    
     [ FAIL 1 | WARN 0 | SKIP 3 | PASS 61 ]
     Error: Test failures
     Execution halted
Flavor: r-devel-linux-x86_64-fedora-gcc

Version: 0.6.8
Check: tests
Result: ERROR
     Running 'testthat.R' [9s]
    Running the tests in 'tests/testthat.R' failed.
    Complete output:
     > library(testthat)
     > library(traitdataform)
     >
     > test_check("traitdataform")
     [ FAIL 1 | WARN 0 | SKIP 3 | PASS 61 ]
    
     ══ Skipped tests ═══════════════════════════════════════════════════════════════
     • On CRAN (1)
     • empty test (2)
    
     ══ Failed tests ════════════════════════════════════════════════════════════════
     ── Failure ('test.map_gbif_taxonomy.R:10'): gbif taxonomy reachable ────────────
     Value hashes to e4a1ebc14a623561496a4386b39c36a7, not 78fc839027d0fa26b64e6f856ece50b0
    
     [ FAIL 1 | WARN 0 | SKIP 3 | PASS 61 ]
     Error: Test failures
     Execution halted
Flavors: r-devel-windows-x86_64, r-release-windows-x86_64

Version: 0.6.8
Check: tests
Result: ERROR
     Running ‘testthat.R’ [6s/10s]
    Running the tests in ‘tests/testthat.R’ failed.
    Complete output:
     > library(testthat)
     > library(traitdataform)
     >
     > test_check("traitdataform")
     [ FAIL 1 | WARN 0 | SKIP 3 | PASS 61 ]
    
     ══ Skipped tests ═══════════════════════════════════════════════════════════════
     • On CRAN (1)
     • empty test (2)
    
     ══ Failed tests ════════════════════════════════════════════════════════════════
     ── Failure ('test.map_gbif_taxonomy.R:10'): gbif taxonomy reachable ────────────
     Value hashes to e4a1ebc14a623561496a4386b39c36a7, not 78fc839027d0fa26b64e6f856ece50b0
    
     [ FAIL 1 | WARN 0 | SKIP 3 | PASS 61 ]
     Error: Test failures
     Execution halted
Flavors: r-patched-linux-x86_64, r-release-linux-x86_64

Version: 0.6.8
Check: tests
Result: ERROR
     Running 'testthat.R' [8s]
    Running the tests in 'tests/testthat.R' failed.
    Complete output:
     > library(testthat)
     > library(traitdataform)
     >
     > test_check("traitdataform")
     [ FAIL 1 | WARN 0 | SKIP 4 | PASS 52 ]
    
     == Skipped tests ===============================================================
     * On CRAN (1)
     * empty test (2)
     * l10n_info()$`UTF-8` is not TRUE (1)
    
     == Failed tests ================================================================
     -- Failure ('test.map_gbif_taxonomy.R:10'): gbif taxonomy reachable ------------
     Value hashes to e4a1ebc14a623561496a4386b39c36a7, not 78fc839027d0fa26b64e6f856ece50b0
    
     [ FAIL 1 | WARN 0 | SKIP 4 | PASS 52 ]
     Error: Test failures
     Execution halted
Flavor: r-oldrel-windows-ix86+x86_64