CRAN Package Check Results for Package trajr

Last updated on 2022-12-07 03:57:38 CET.

Flavor Version Tinstall Tcheck Ttotal Status Flags
r-devel-linux-x86_64-debian-clang 1.4.0 3.58 275.74 279.32 NOTE
r-devel-linux-x86_64-debian-gcc 1.4.0 3.24 194.52 197.76 NOTE
r-devel-linux-x86_64-fedora-clang 1.4.0 346.20 NOTE
r-devel-linux-x86_64-fedora-gcc 1.4.0 357.18 NOTE
r-devel-windows-x86_64 1.4.0 37.00 310.00 347.00 NOTE
r-patched-linux-x86_64 1.4.0 3.90 263.93 267.83 NOTE
r-release-linux-x86_64 1.4.0 3.55 266.48 270.03 NOTE
r-release-macos-arm64 1.4.0 73.00 NOTE
r-release-macos-x86_64 1.4.0 108.00 NOTE
r-release-windows-x86_64 1.4.0 11.00 320.00 331.00 NOTE
r-oldrel-macos-arm64 1.4.0 80.00 NOTE
r-oldrel-macos-x86_64 1.4.0 160.00 NOTE
r-oldrel-windows-ix86+x86_64 1.4.0 8.00 327.00 335.00 NOTE

Check Details

Version: 1.4.0
Check: LazyData
Result: NOTE
     'LazyData' is specified without a 'data' directory
Flavors: r-devel-linux-x86_64-debian-clang, r-devel-linux-x86_64-debian-gcc, r-devel-linux-x86_64-fedora-clang, r-devel-linux-x86_64-fedora-gcc, r-devel-windows-x86_64, r-patched-linux-x86_64, r-release-linux-x86_64, r-release-macos-arm64, r-release-macos-x86_64, r-release-windows-x86_64, r-oldrel-macos-arm64, r-oldrel-macos-x86_64, r-oldrel-windows-ix86+x86_64