CRAN Package Check Results for Package transport

Last updated on 2022-09-29 04:58:30 CEST.

Flavor Version Tinstall Tcheck Ttotal Status Flags
r-devel-linux-x86_64-debian-clang 0.12-4 95.14 79.53 174.67 OK
r-devel-linux-x86_64-debian-gcc 0.12-4 71.48 59.47 130.95 OK
r-devel-linux-x86_64-fedora-clang 0.12-4 275.31 OK
r-devel-linux-x86_64-fedora-gcc 0.12-4 229.74 OK
r-devel-windows-x86_64 0.12-4 119.00 133.00 252.00 OK
r-patched-linux-x86_64 0.12-4 81.80 77.67 159.47 OK
r-release-linux-x86_64 0.12-4 80.48 76.42 156.90 OK
r-release-macos-arm64 0.12-4 54.00 NOTE
r-release-macos-x86_64 0.12-4 77.00 NOTE
r-release-windows-x86_64 0.12-4 128.00 141.00 269.00 OK
r-oldrel-macos-arm64 0.12-4 52.00 NOTE
r-oldrel-macos-x86_64 0.12-4 82.00 NOTE
r-oldrel-windows-ix86+x86_64 0.12-4 228.00 161.00 389.00 OK

Check Details

Version: 0.12-4
Check: installed package size
Result: NOTE
     installed size is 6.2Mb
     sub-directories of 1Mb or more:
     libs 5.6Mb
Flavors: r-release-macos-arm64, r-release-macos-x86_64, r-oldrel-macos-arm64, r-oldrel-macos-x86_64