CRAN Package Check Results for Package treenomial

Last updated on 2022-12-02 04:00:25 CET.

Flavor Version Tinstall Tcheck Ttotal Status Flags
r-devel-linux-x86_64-debian-clang 1.1.4 104.52 45.09 149.61 OK
r-devel-linux-x86_64-debian-gcc 1.1.4 81.36 35.43 116.79 OK
r-devel-linux-x86_64-fedora-clang 1.1.4 239.33 OK
r-devel-linux-x86_64-fedora-gcc 1.1.4 210.15 OK
r-devel-windows-x86_64 1.1.4 87.00 102.00 189.00 OK
r-patched-linux-x86_64 1.1.4 88.60 45.11 133.71 OK
r-release-linux-x86_64 1.1.4 90.29 43.47 133.76 OK
r-release-macos-arm64 1.1.4 54.00 NOTE
r-release-macos-x86_64 1.1.4 72.00 NOTE
r-release-windows-x86_64 1.1.4 93.00 102.00 195.00 OK
r-oldrel-macos-arm64 1.1.4 61.00 NOTE
r-oldrel-macos-x86_64 1.1.4 81.00 NOTE
r-oldrel-windows-ix86+x86_64 1.1.4 234.00 108.00 342.00 OK

Check Details

Version: 1.1.4
Check: installed package size
Result: NOTE
     installed size is 11.2Mb
     sub-directories of 1Mb or more:
     libs 11.0Mb
Flavors: r-release-macos-arm64, r-release-macos-x86_64, r-oldrel-macos-arm64, r-oldrel-macos-x86_64