Last updated on 2023-11-28 04:03:27 CET.
Flavor | Version | Tinstall | Tcheck | Ttotal | Status | Flags |
---|---|---|---|---|---|---|
r-devel-linux-x86_64-debian-clang | 0.1.0 | 11.82 | 148.21 | 160.03 | OK | |
r-devel-linux-x86_64-debian-gcc | 0.1.0 | 11.38 | 109.52 | 120.90 | OK | |
r-devel-linux-x86_64-fedora-clang | 0.1.0 | 196.12 | OK | |||
r-devel-linux-x86_64-fedora-gcc | 0.1.0 | 199.17 | OK | |||
r-devel-windows-x86_64 | 0.1.0 | 12.00 | 119.00 | 131.00 | OK | |
r-patched-linux-x86_64 | 0.1.0 | 12.18 | 140.16 | 152.34 | OK | |
r-release-linux-x86_64 | 0.1.0 | 9.49 | 140.22 | 149.71 | OK | |
r-release-macos-arm64 | 0.1.0 | 65.00 | OK | |||
r-release-macos-x86_64 | 0.1.0 | 105.00 | NOTE | |||
r-release-windows-x86_64 | 0.1.0 | 15.00 | 144.00 | 159.00 | OK | |
r-oldrel-macos-arm64 | 0.1.0 | 58.00 | OK | |||
r-oldrel-macos-x86_64 | 0.1.0 | 75.00 | OK | |||
r-oldrel-windows-x86_64 | 0.1.0 | 16.00 | 144.00 | 160.00 | OK |
Version: 0.1.0
Check: package dependencies
Result: NOTE
Package suggested but not available for checking: ‘brms’
Flavor: r-release-macos-x86_64
Version: 0.1.0
Check: Rd cross-references
Result: NOTE
Package unavailable to check Rd xrefs: ‘brms’
Flavor: r-release-macos-x86_64