CRAN Package Check Results for Package triangle

Last updated on 2022-10-05 04:51:07 CEST.

Flavor Version Tinstall Tcheck Ttotal Status Flags
r-devel-linux-x86_64-debian-clang 0.12 2.51 30.54 33.05 NOTE
r-devel-linux-x86_64-debian-gcc 0.12 2.02 23.95 25.97 NOTE
r-devel-linux-x86_64-fedora-clang 0.12 52.49 NOTE
r-devel-linux-x86_64-fedora-gcc 0.12 51.18 NOTE
r-devel-windows-x86_64 0.12 12.00 58.00 70.00 NOTE
r-patched-linux-x86_64 0.12 2.69 28.71 31.40 NOTE
r-release-linux-x86_64 0.12 2.84 29.08 31.92 NOTE
r-release-macos-arm64 0.12 18.00 NOTE
r-release-macos-x86_64 0.12 24.00 NOTE
r-release-windows-x86_64 0.12 13.00 57.00 70.00 NOTE
r-oldrel-macos-arm64 0.12 26.00 NOTE
r-oldrel-macos-x86_64 0.12 34.00 NOTE
r-oldrel-windows-ix86+x86_64 0.12 7.00 64.00 71.00 NOTE

Check Details

Version: 0.12
Check: Rd files
Result: NOTE
    checkRd: (-1) ltriangle.Rd:63: Escaped LaTeX specials: \&
    checkRd: (-1) triangle.Rd:70: Escaped LaTeX specials: \&
Flavors: r-devel-linux-x86_64-debian-clang, r-devel-linux-x86_64-debian-gcc, r-devel-linux-x86_64-fedora-clang, r-devel-linux-x86_64-fedora-gcc, r-devel-windows-x86_64

Version: 0.12
Check: LazyData
Result: NOTE
     'LazyData' is specified without a 'data' directory
Flavors: r-devel-linux-x86_64-debian-clang, r-devel-linux-x86_64-debian-gcc, r-devel-linux-x86_64-fedora-clang, r-devel-linux-x86_64-fedora-gcc, r-devel-windows-x86_64, r-patched-linux-x86_64, r-release-linux-x86_64, r-release-macos-arm64, r-release-macos-x86_64, r-release-windows-x86_64, r-oldrel-macos-arm64, r-oldrel-macos-x86_64, r-oldrel-windows-ix86+x86_64