CRAN Package Check Results for Package tribe

Last updated on 2022-12-10 03:57:44 CET.

Flavor Version Tinstall Tcheck Ttotal Status Flags
r-devel-linux-x86_64-debian-clang 0.1.8 4.78 55.30 60.08 NOTE
r-devel-linux-x86_64-debian-gcc 0.1.8 4.21 41.09 45.30 NOTE
r-devel-linux-x86_64-fedora-clang 0.1.8 84.34 NOTE
r-devel-linux-x86_64-fedora-gcc 0.1.8 96.50 NOTE
r-devel-windows-x86_64 0.1.8 19.00 89.00 108.00 NOTE
r-patched-linux-x86_64 0.1.8 5.34 49.22 54.56 NOTE
r-release-linux-x86_64 0.1.8 4.74 54.40 59.14 NOTE
r-release-macos-arm64 0.1.8 24.00 NOTE
r-release-macos-x86_64 0.1.8 46.00 NOTE
r-release-windows-x86_64 0.1.8 19.00 86.00 105.00 NOTE
r-oldrel-macos-arm64 0.1.8 30.00 NOTE
r-oldrel-macos-x86_64 0.1.8 39.00 NOTE
r-oldrel-windows-ix86+x86_64 0.1.8 14.00 75.00 89.00 NOTE

Check Details

Version: 0.1.8
Check: LazyData
Result: NOTE
     'LazyData' is specified without a 'data' directory
Flavors: r-devel-linux-x86_64-debian-clang, r-devel-linux-x86_64-debian-gcc, r-devel-linux-x86_64-fedora-clang, r-devel-linux-x86_64-fedora-gcc, r-devel-windows-x86_64, r-patched-linux-x86_64, r-release-linux-x86_64, r-release-macos-arm64, r-release-macos-x86_64, r-release-windows-x86_64, r-oldrel-macos-arm64, r-oldrel-macos-x86_64, r-oldrel-windows-ix86+x86_64