CRAN Package Check Results for Package trip

Last updated on 2022-09-27 04:50:45 CEST.

Flavor Version Tinstall Tcheck Ttotal Status Flags
r-devel-linux-x86_64-debian-clang 1.8.5 50.45 473.43 523.88 NOTE
r-devel-linux-x86_64-debian-gcc 1.8.5 41.80 341.84 383.64 NOTE
r-devel-linux-x86_64-fedora-clang 1.8.5 652.75 NOTE
r-devel-linux-x86_64-fedora-gcc 1.8.5 612.19 NOTE
r-devel-windows-x86_64 1.8.5 68.00 431.00 499.00 NOTE
r-patched-linux-x86_64 1.8.5 45.19 448.97 494.16 OK
r-release-linux-x86_64 1.8.5 40.90 445.35 486.25 OK
r-release-macos-arm64 1.8.5 126.00 OK
r-release-macos-x86_64 1.8.5 280.00 OK
r-release-windows-x86_64 1.8.5 64.00 437.00 501.00 OK
r-oldrel-macos-arm64 1.8.5 97.00 OK
r-oldrel-macos-x86_64 1.8.5 136.00 OK
r-oldrel-windows-ix86+x86_64 1.8.5 98.00 449.00 547.00 OK

Check Details

Version: 1.8.5
Check: Rd files
Result: NOTE
    checkRd: (-1) sepIdGaps.Rd:18: Escaped LaTeX specials: \_ \_
Flavors: r-devel-linux-x86_64-debian-clang, r-devel-linux-x86_64-debian-gcc, r-devel-linux-x86_64-fedora-clang, r-devel-linux-x86_64-fedora-gcc, r-devel-windows-x86_64