Last updated on 2023-12-02 03:57:58 CET.
Flavor | Version | Tinstall | Tcheck | Ttotal | Status | Flags |
---|---|---|---|---|---|---|
r-devel-linux-x86_64-debian-clang | 0.3.1 | 9.25 | 396.20 | 405.45 | NOTE | |
r-devel-linux-x86_64-debian-gcc | 0.3.1 | 7.13 | 298.30 | 305.43 | NOTE | |
r-devel-linux-x86_64-fedora-clang | 0.3.1 | 495.71 | NOTE | |||
r-devel-linux-x86_64-fedora-gcc | 0.3.1 | 534.39 | NOTE | |||
r-devel-windows-x86_64 | 0.3.1 | 12.00 | 502.00 | 514.00 | NOTE | |
r-patched-linux-x86_64 | 0.3.1 | 10.15 | 395.61 | 405.76 | OK | |
r-release-linux-x86_64 | 0.3.1 | 8.18 | 391.63 | 399.81 | OK | |
r-release-macos-arm64 | 0.3.1 | 175.00 | OK | |||
r-release-macos-x86_64 | 0.3.1 | 276.00 | OK | |||
r-release-windows-x86_64 | 0.3.1 | 14.00 | 579.00 | 593.00 | OK | |
r-oldrel-macos-arm64 | 0.3.1 | 143.00 | OK | |||
r-oldrel-macos-x86_64 | 0.3.1 | 214.00 | OK | |||
r-oldrel-windows-x86_64 | 0.3.1 | 16.00 | 539.00 | 555.00 | OK |
Version: 0.3.1
Check: Rd \usage sections
Result: NOTE
Documented arguments not in \usage in Rd file 'dvinecopula_objective.Rd':
‘udata’
Documented arguments not in \usage in Rd file 'wobjective.Rd':
‘vt’
Functions with \usage entries need to have the appropriate \alias
entries, and all their arguments documented.
The \usage entries must correspond to syntactically valid R code.
See chapter ‘Writing R documentation files’ in the ‘Writing R
Extensions’ manual.
Flavors: r-devel-linux-x86_64-debian-clang, r-devel-linux-x86_64-debian-gcc, r-devel-linux-x86_64-fedora-clang, r-devel-linux-x86_64-fedora-gcc, r-devel-windows-x86_64